CRAN Package Check Results for Package cvap

Last updated on 2022-09-26 09:49:55 CEST.

Flavor Version Tinstall Tcheck Ttotal Status Flags
r-devel-linux-x86_64-debian-clang 0.1.1 3.15 41.95 45.10 OK
r-devel-linux-x86_64-debian-gcc 0.1.1 3.08 32.76 35.84 OK
r-devel-linux-x86_64-fedora-clang 0.1.1 67.79 NOTE
r-devel-linux-x86_64-fedora-gcc 0.1.1 65.46 NOTE
r-devel-windows-x86_64 0.1.1 16.00 71.00 87.00 OK
r-patched-linux-x86_64 0.1.1 2.20 41.30 43.50 OK
r-release-linux-x86_64 0.1.1 2.43 40.52 42.95 OK
r-release-macos-arm64 0.1.1 22.00 NOTE
r-release-macos-x86_64 0.1.1 37.00 NOTE
r-release-windows-x86_64 0.1.1 7.00 70.00 77.00 OK
r-oldrel-macos-arm64 0.1.1 26.00 NOTE
r-oldrel-macos-x86_64 0.1.1 34.00 NOTE
r-oldrel-windows-ix86+x86_64 0.1.1 9.00 69.00 78.00 OK

Check Details

Version: 0.1.1
Check: dependencies in R code
Result: NOTE
    Namespace in Imports field not imported from: ‘purrr’
     All declared Imports should be used.
Flavors: r-devel-linux-x86_64-fedora-clang, r-devel-linux-x86_64-fedora-gcc, r-release-macos-arm64, r-release-macos-x86_64, r-oldrel-macos-arm64, r-oldrel-macos-x86_64