CRAN Package Check Results for Package customsteps

Last updated on 2020-08-13 09:48:52 CEST.

Flavor Version Tinstall Tcheck Ttotal Status Flags
r-devel-linux-x86_64-debian-clang 0.7.1.0 0.36 2.60 2.96 ERROR
r-devel-linux-x86_64-debian-gcc 0.7.1.0 8.88 76.39 85.27 NOTE
r-devel-linux-x86_64-fedora-clang 0.7.1.0 143.91 NOTE
r-devel-linux-x86_64-fedora-gcc 0.7.1.0 130.62 NOTE
r-devel-windows-ix86+x86_64 0.7.1.0 40.00 138.00 178.00 NOTE
r-patched-linux-x86_64 0.7.1.0 11.08 99.21 110.29 NOTE
r-patched-solaris-x86 0.7.1.0 189.40 NOTE
r-release-linux-x86_64 0.7.1.0 0.44 2.53 2.97 ERROR
r-release-macos-x86_64 0.7.1.0 NOTE
r-release-windows-ix86+x86_64 0.7.1.0 33.00 140.00 173.00 NOTE
r-oldrel-macos-x86_64 0.7.1.0 NOTE
r-oldrel-windows-ix86+x86_64 0.7.1.0 21.00 80.00 101.00 OK

Check Details

Version: 0.7.1.0
Check: package dependencies
Result: ERROR
    Package required but not available: 'recipes'
    
    See section 'The DESCRIPTION file' in the 'Writing R Extensions'
    manual.
Flavors: r-devel-linux-x86_64-debian-clang, r-release-linux-x86_64

Version: 0.7.1.0
Check: package vignettes
Result: NOTE
    Package vignette with placeholder title ‘Vignette Title’:
     ‘customsteps.Rmd’
Flavors: r-devel-linux-x86_64-debian-gcc, r-devel-windows-ix86+x86_64, r-patched-linux-x86_64, r-release-windows-ix86+x86_64

Version: 0.7.1.0
Check: dependencies in R code
Result: NOTE
    Namespaces in Imports field not imported from:
     ‘rlang’ ‘tidyselect’
     All declared Imports should be used.
Flavors: r-devel-linux-x86_64-fedora-clang, r-devel-linux-x86_64-fedora-gcc, r-patched-solaris-x86, r-release-macos-x86_64, r-oldrel-macos-x86_64