Last updated on 2023-03-20 09:49:23 CET.
Flavor | Version | Tinstall | Tcheck | Ttotal | Status | Flags |
---|---|---|---|---|---|---|
r-devel-linux-x86_64-debian-clang | 0.1.0.9 | NOTE | ||||
r-devel-linux-x86_64-debian-gcc | 0.1.0.9 | 49.52 | 26.88 | 76.40 | NOTE | |
r-devel-linux-x86_64-fedora-clang | 0.1.0.9 | 142.78 | NOTE | |||
r-devel-linux-x86_64-fedora-gcc | 0.1.0.9 | 124.93 | NOTE | |||
r-devel-windows-x86_64 | 0.1.0.9 | 159.00 | 82.00 | 241.00 | NOTE | |
r-patched-linux-x86_64 | 0.1.0.9 | 53.55 | 36.76 | 90.31 | OK | |
r-release-linux-x86_64 | 0.1.0.9 | 48.13 | 34.70 | 82.83 | OK | |
r-release-macos-arm64 | 0.1.0.9 | 37.00 | OK | |||
r-release-macos-x86_64 | 0.1.0.9 | 46.00 | OK | |||
r-release-windows-x86_64 | 0.1.0.9 | 60.00 | 86.00 | 146.00 | OK | |
r-oldrel-macos-arm64 | 0.1.0.9 | 43.00 | OK | |||
r-oldrel-macos-x86_64 | 0.1.0.9 | 66.00 | OK | |||
r-oldrel-windows-ix86+x86_64 | 0.1.0.9 | 151.00 | 93.00 | 244.00 | OK |
Version: 0.1.0.9
Check: C++ specification
Result: NOTE
Specified C++11: please drop specification unless essential
Flavors: r-devel-linux-x86_64-debian-clang, r-devel-linux-x86_64-debian-gcc, r-devel-linux-x86_64-fedora-clang, r-devel-linux-x86_64-fedora-gcc, r-devel-windows-x86_64