CRAN Package Check Results for Package cumulocityr

Last updated on 2023-02-03 09:55:27 CET.

Flavor Version Tinstall Tcheck Ttotal Status Flags
r-devel-linux-x86_64-debian-clang 0.1.0 2.01 25.74 27.75 NOTE
r-devel-linux-x86_64-debian-gcc 0.1.0 1.85 20.08 21.93 NOTE
r-devel-linux-x86_64-fedora-clang 0.1.0 36.06 NOTE
r-devel-linux-x86_64-fedora-gcc 0.1.0 45.71 NOTE
r-devel-windows-x86_64 0.1.0 20.00 59.00 79.00 NOTE
r-patched-linux-x86_64 0.1.0 2.48 24.94 27.42 NOTE
r-release-linux-x86_64 0.1.0 1.85 26.17 28.02 NOTE
r-release-macos-arm64 0.1.0 14.00 NOTE
r-release-macos-x86_64 0.1.0 22.00 NOTE
r-release-windows-x86_64 0.1.0 15.00 60.00 75.00 NOTE
r-oldrel-macos-arm64 0.1.0 21.00 NOTE
r-oldrel-macos-x86_64 0.1.0 25.00 NOTE
r-oldrel-windows-ix86+x86_64 0.1.0 8.00 50.00 58.00 NOTE

Additional issues

donttest

Check Details

Version: 0.1.0
Check: LazyData
Result: NOTE
     'LazyData' is specified without a 'data' directory
Flavors: r-devel-linux-x86_64-debian-clang, r-devel-linux-x86_64-debian-gcc, r-devel-linux-x86_64-fedora-clang, r-devel-linux-x86_64-fedora-gcc, r-devel-windows-x86_64, r-patched-linux-x86_64, r-release-linux-x86_64, r-release-macos-arm64, r-release-macos-x86_64, r-release-windows-x86_64, r-oldrel-macos-arm64, r-oldrel-macos-x86_64, r-oldrel-windows-ix86+x86_64