Last updated on 2024-04-19 10:57:21 CEST.
Flavor | Version | Tinstall | Tcheck | Ttotal | Status | Flags |
---|---|---|---|---|---|---|
r-devel-linux-x86_64-debian-clang | 0.2.2 | 8.20 | 104.95 | 113.15 | OK | |
r-devel-linux-x86_64-debian-gcc | 0.2.2 | OK | ||||
r-devel-linux-x86_64-fedora-clang | 0.2.2 | 139.39 | NOTE | |||
r-devel-linux-x86_64-fedora-gcc | 0.2.2 | 142.47 | OK | |||
r-prerel-macos-arm64 | 0.2.2 | 47.00 | NOTE | |||
r-prerel-windows-x86_64 | 0.2.2 | 9.00 | 92.00 | 101.00 | NOTE | |
r-patched-linux-x86_64 | 0.2.2 | 6.43 | 98.07 | 104.50 | OK | |
r-release-linux-x86_64 | 0.2.2 | 5.49 | 94.46 | 99.95 | OK | |
r-release-macos-arm64 | 0.2.2 | 46.00 | NOTE | |||
r-release-macos-x86_64 | 0.2.2 | 101.00 | NOTE | |||
r-release-windows-x86_64 | 0.2.2 | 11.00 | 113.00 | 124.00 | NOTE | |
r-oldrel-macos-arm64 | 0.2.2 | 48.00 | NOTE | |||
r-oldrel-windows-x86_64 | 0.2.2 | 12.00 | 118.00 | 130.00 | NOTE |
Version: 0.2.2
Check: installed package size
Result: NOTE
installed size is 6.6Mb
sub-directories of 1Mb or more:
doc 6.4Mb
Flavors: r-devel-linux-x86_64-fedora-clang, r-prerel-macos-arm64, r-prerel-windows-x86_64, r-release-macos-arm64, r-release-macos-x86_64, r-release-windows-x86_64, r-oldrel-macos-arm64, r-oldrel-windows-x86_64