CRAN Package Check Results for Package crisp

Last updated on 2023-02-04 10:54:27 CET.

Flavor Version Tinstall Tcheck Ttotal Status Flags
r-devel-linux-x86_64-debian-clang 1.0.0 7.85 70.84 78.69 NOTE
r-devel-linux-x86_64-debian-gcc 1.0.0 6.51 52.85 59.36 NOTE
r-devel-linux-x86_64-fedora-clang 1.0.0 95.36 NOTE
r-devel-linux-x86_64-fedora-gcc 1.0.0 95.64 NOTE
r-devel-windows-x86_64 1.0.0 13.00 92.00 105.00 NOTE
r-patched-linux-x86_64 1.0.0 7.17 67.68 74.85 NOTE
r-release-linux-x86_64 1.0.0 8.05 68.22 76.27 NOTE
r-release-macos-arm64 1.0.0 29.00 NOTE
r-release-macos-x86_64 1.0.0 43.00 NOTE
r-release-windows-x86_64 1.0.0 17.00 97.00 114.00 NOTE
r-oldrel-macos-arm64 1.0.0 31.00 NOTE
r-oldrel-macos-x86_64 1.0.0 59.00 NOTE
r-oldrel-windows-ix86+x86_64 1.0.0 17.00 93.00 110.00 NOTE

Check Details

Version: 1.0.0
Check: LazyData
Result: NOTE
     'LazyData' is specified without a 'data' directory
Flavors: r-devel-linux-x86_64-debian-clang, r-devel-linux-x86_64-debian-gcc, r-devel-linux-x86_64-fedora-clang, r-devel-linux-x86_64-fedora-gcc, r-devel-windows-x86_64, r-patched-linux-x86_64, r-release-linux-x86_64, r-release-macos-arm64, r-release-macos-x86_64, r-release-windows-x86_64, r-oldrel-macos-arm64, r-oldrel-macos-x86_64, r-oldrel-windows-ix86+x86_64