CRAN Package Check Results for Package cricketdata

Last updated on 2022-10-05 10:51:37 CEST.

Flavor Version Tinstall Tcheck Ttotal Status Flags
r-devel-linux-x86_64-debian-clang 0.2.0 7.61 89.10 96.71 OK
r-devel-linux-x86_64-debian-gcc 0.2.0 5.76 63.84 69.60 OK
r-devel-linux-x86_64-fedora-clang 0.2.0 128.21 NOTE
r-devel-linux-x86_64-fedora-gcc 0.2.0 117.82 NOTE
r-devel-windows-x86_64 0.2.0 26.00 116.00 142.00 OK
r-patched-linux-x86_64 0.2.0 6.72 79.83 86.55 OK
r-release-linux-x86_64 0.2.0 7.87 80.06 87.93 OK
r-release-macos-arm64 0.2.0 41.00 NOTE
r-release-macos-x86_64 0.2.0 54.00 NOTE
r-release-windows-x86_64 0.2.0 12.00 114.00 126.00 OK
r-oldrel-macos-arm64 0.2.0 33.00 NOTE
r-oldrel-macos-x86_64 0.2.0 57.00 NOTE
r-oldrel-windows-ix86+x86_64 0.2.0 19.00 110.00 129.00 OK

Check Details

Version: 0.2.0
Check: data for non-ASCII characters
Result: NOTE
     Note: found 34 marked UTF-8 strings
Flavors: r-devel-linux-x86_64-fedora-clang, r-devel-linux-x86_64-fedora-gcc, r-release-macos-arm64, r-release-macos-x86_64, r-oldrel-macos-arm64, r-oldrel-macos-x86_64