Last updated on 2023-06-06 10:57:46 CEST.
Flavor | Version | Tinstall | Tcheck | Ttotal | Status | Flags |
---|---|---|---|---|---|---|
r-devel-linux-x86_64-debian-clang | 0.4.1 | 57.69 | 134.24 | 191.93 | NOTE | |
r-devel-linux-x86_64-debian-gcc | 0.4.1 | 48.11 | 109.10 | 157.21 | NOTE | |
r-devel-linux-x86_64-fedora-clang | 0.4.1 | 253.49 | NOTE | |||
r-devel-linux-x86_64-fedora-gcc | 0.4.1 | 279.48 | NOTE | |||
r-devel-windows-x86_64 | 0.4.1 | 55.00 | 151.00 | 206.00 | WARN | |
r-patched-linux-x86_64 | 0.4.1 | 55.35 | 141.40 | 196.75 | NOTE | |
r-release-linux-x86_64 | 0.4.1 | 50.56 | 140.03 | 190.59 | NOTE | |
r-release-macos-arm64 | 0.4.1 | 92.00 | NOTE | |||
r-release-macos-x86_64 | 0.4.1 | 147.00 | NOTE | |||
r-release-windows-x86_64 | 0.4.1 | 53.00 | 182.00 | 235.00 | WARN | |
r-oldrel-macos-arm64 | 0.4.1 | 82.00 | OK | |||
r-oldrel-macos-x86_64 | 0.4.1 | 108.00 | OK | |||
r-oldrel-windows-x86_64 | 0.4.1 | 70.00 | 186.00 | 256.00 | OK |
Version: 0.4.1
Check: C++ specification
Result: NOTE
Specified C++11: please drop specification unless essential
Flavors: r-devel-linux-x86_64-debian-clang, r-devel-linux-x86_64-debian-gcc, r-devel-linux-x86_64-fedora-clang, r-devel-linux-x86_64-fedora-gcc, r-devel-windows-x86_64, r-patched-linux-x86_64, r-release-linux-x86_64, r-release-macos-arm64, r-release-macos-x86_64, r-release-windows-x86_64
Version: 0.4.1
Check: whether package can be installed
Result: WARN
Found the following significant warnings:
crf/src/rumavl.h:154:1: warning: function declaration isn't a prototype [-Wstrict-prototypes]
crf/src/rumavl.c:744:1: warning: function declaration isn't a prototype [-Wstrict-prototypes]
See 'd:/Rcompile/CRANpkg/local/4.4/crfsuite.Rcheck/00install.out' for details.
* used C++ compiler: 'g++.exe (GCC) 12.2.0'
Flavor: r-devel-windows-x86_64
Version: 0.4.1
Check: whether package can be installed
Result: WARN
Found the following significant warnings:
crf/src/rumavl.h:154:1: warning: function declaration isn't a prototype [-Wstrict-prototypes]
crf/src/rumavl.c:744:1: warning: function declaration isn't a prototype [-Wstrict-prototypes]
See 'd:/Rcompile/CRANpkg/local/4.3/crfsuite.Rcheck/00install.out' for details.
* used C++ compiler: 'g++.exe (GCC) 12.2.0'
Flavor: r-release-windows-x86_64