CRAN Package Check Results for Package cranlike

Last updated on 2023-02-04 10:54:27 CET.

Flavor Version Tinstall Tcheck Ttotal Status Flags
r-devel-linux-x86_64-debian-clang 1.0.2 4.41 49.44 53.85 NOTE
r-devel-linux-x86_64-debian-gcc 1.0.2 3.28 38.17 41.45 NOTE
r-devel-linux-x86_64-fedora-clang 1.0.2 69.35 NOTE
r-devel-linux-x86_64-fedora-gcc 1.0.2 67.15 NOTE
r-devel-windows-x86_64 1.0.2 17.00 75.00 92.00 NOTE
r-patched-linux-x86_64 1.0.2 4.30 49.20 53.50 NOTE
r-release-linux-x86_64 1.0.2 4.61 49.17 53.78 NOTE
r-release-macos-arm64 1.0.2 23.00 NOTE
r-release-macos-x86_64 1.0.2 31.00 NOTE
r-release-windows-x86_64 1.0.2 16.00 86.00 102.00 NOTE
r-oldrel-macos-arm64 1.0.2 30.00 NOTE
r-oldrel-macos-x86_64 1.0.2 41.00 NOTE
r-oldrel-windows-ix86+x86_64 1.0.2 12.00 75.00 87.00 NOTE

Check Details

Version: 1.0.2
Check: LazyData
Result: NOTE
     'LazyData' is specified without a 'data' directory
Flavors: r-devel-linux-x86_64-debian-clang, r-devel-linux-x86_64-debian-gcc, r-devel-linux-x86_64-fedora-clang, r-devel-linux-x86_64-fedora-gcc, r-devel-windows-x86_64, r-patched-linux-x86_64, r-release-linux-x86_64, r-release-macos-arm64, r-release-macos-x86_64, r-release-windows-x86_64, r-oldrel-macos-arm64, r-oldrel-macos-x86_64, r-oldrel-windows-ix86+x86_64