Last updated on 2024-04-24 10:22:51 CEST.
Flavor | Version | Tinstall | Tcheck | Ttotal | Status | Flags |
---|---|---|---|---|---|---|
r-devel-linux-x86_64-debian-clang | 1.2.1 | 189.77 | 82.64 | 272.41 | OK | |
r-devel-linux-x86_64-debian-gcc | 1.2.1 | 140.58 | 60.62 | 201.20 | OK | |
r-devel-linux-x86_64-fedora-clang | 1.2.1 | 384.08 | NOTE | |||
r-devel-linux-x86_64-fedora-gcc | 1.2.1 | 379.26 | NOTE | |||
r-devel-windows-x86_64 | 1.2.1 | 137.00 | 106.00 | 243.00 | OK | |
r-patched-linux-x86_64 | 1.2.1 | 189.38 | 79.03 | 268.41 | OK | |
r-release-linux-x86_64 | 1.2.1 | 173.72 | 79.68 | 253.40 | OK | |
r-release-macos-arm64 | 1.2.1 | 90.00 | NOTE | |||
r-release-windows-x86_64 | 1.2.1 | 172.00 | 122.00 | 294.00 | OK | |
r-oldrel-macos-arm64 | 1.2.1 | 80.00 | NOTE | |||
r-oldrel-macos-x86_64 | 1.2.1 | 155.00 | NOTE | |||
r-oldrel-windows-x86_64 | 1.2.1 | 166.00 | 116.00 | 282.00 | OK |
Version: 1.2.1
Check: compiled code
Result: NOTE
File ‘cqrReg/libs/cqrReg.so’:
Found no calls to: ‘R_registerRoutines’, ‘R_useDynamicSymbols’
It is good practice to register native routines and to disable symbol
search.
See ‘Writing portable packages’ in the ‘Writing R Extensions’ manual.
Flavors: r-devel-linux-x86_64-fedora-clang, r-devel-linux-x86_64-fedora-gcc
Version: 1.2.1
Check: installed package size
Result: NOTE
installed size is 7.3Mb
sub-directories of 1Mb or more:
libs 7.2Mb
Flavors: r-release-macos-arm64, r-oldrel-macos-arm64, r-oldrel-macos-x86_64