CRAN Package Check Results for Package cpca

Last updated on 2023-02-07 10:53:52 CET.

Flavor Version Tinstall Tcheck Ttotal Status Flags
r-devel-linux-x86_64-debian-clang 0.1.2 2.04 20.97 23.01 NOTE
r-devel-linux-x86_64-debian-gcc 0.1.2 1.34 16.59 17.93 NOTE
r-devel-linux-x86_64-fedora-clang 0.1.2 29.40 NOTE
r-devel-linux-x86_64-fedora-gcc 0.1.2 29.19 NOTE
r-devel-windows-x86_64 0.1.2 12.00 47.00 59.00 NOTE
r-patched-linux-x86_64 0.1.2 1.77 21.08 22.85 NOTE
r-release-linux-x86_64 0.1.2 2.01 21.00 23.01 NOTE
r-release-macos-arm64 0.1.2 15.00 NOTE
r-release-macos-x86_64 0.1.2 19.00 NOTE
r-release-windows-x86_64 0.1.2 9.00 51.00 60.00 NOTE
r-oldrel-macos-arm64 0.1.2 25.00 NOTE
r-oldrel-macos-x86_64 0.1.2 24.00 NOTE
r-oldrel-windows-ix86+x86_64 0.1.2 6.00 46.00 52.00 NOTE

Check Details

Version: 0.1.2
Check: DESCRIPTION meta-information
Result: NOTE
    Malformed Description field: should contain one or more complete sentences.
Flavors: r-devel-linux-x86_64-debian-clang, r-devel-linux-x86_64-debian-gcc, r-devel-linux-x86_64-fedora-clang, r-devel-linux-x86_64-fedora-gcc, r-devel-windows-x86_64, r-patched-linux-x86_64, r-release-linux-x86_64, r-release-macos-arm64, r-release-macos-x86_64, r-release-windows-x86_64, r-oldrel-macos-arm64, r-oldrel-macos-x86_64, r-oldrel-windows-ix86+x86_64

Version: 0.1.2
Check: LazyData
Result: NOTE
     'LazyData' is specified without a 'data' directory
Flavors: r-devel-linux-x86_64-debian-clang, r-devel-linux-x86_64-debian-gcc, r-devel-linux-x86_64-fedora-clang, r-devel-linux-x86_64-fedora-gcc, r-devel-windows-x86_64, r-patched-linux-x86_64, r-release-linux-x86_64, r-release-macos-arm64, r-release-macos-x86_64, r-release-windows-x86_64, r-oldrel-macos-arm64, r-oldrel-macos-x86_64, r-oldrel-windows-ix86+x86_64