CRAN Package Check Results for Package coxmeg

Last updated on 2020-08-10 10:02:57 CEST.

Flavor Version Tinstall Tcheck Ttotal Status Flags
r-devel-linux-x86_64-debian-clang 1.0.11 110.76 461.66 572.42 OK
r-devel-linux-x86_64-debian-gcc 1.0.11 86.88 373.18 460.06 OK
r-devel-linux-x86_64-fedora-clang 1.0.11 754.31 NOTE
r-devel-linux-x86_64-fedora-gcc 1.0.11 704.19 NOTE
r-devel-windows-ix86+x86_64 1.0.11 259.00 620.00 879.00 OK
r-patched-linux-x86_64 1.0.11 88.53 451.65 540.18 OK
r-patched-solaris-x86 1.0.11 5.10 ERROR
r-release-linux-x86_64 1.0.11 93.49 446.51 540.00 OK
r-release-macos-x86_64 1.0.11 NOTE
r-release-windows-ix86+x86_64 1.0.11 262.00 623.00 885.00 OK
r-oldrel-macos-x86_64 1.0.11 NOTE
r-oldrel-windows-ix86+x86_64 1.0.11 171.00 451.00 622.00 OK

Check Details

Version: 1.0.11
Check: installed package size
Result: NOTE
     installed size is 17.7Mb
     sub-directories of 1Mb or more:
     libs 17.2Mb
Flavors: r-devel-linux-x86_64-fedora-clang, r-release-macos-x86_64, r-oldrel-macos-x86_64

Version: 1.0.11
Check: dependencies in R code
Result: NOTE
    Namespace in Imports field not imported from: ‘coxme’
     All declared Imports should be used.
Flavors: r-devel-linux-x86_64-fedora-clang, r-devel-linux-x86_64-fedora-gcc, r-release-macos-x86_64, r-oldrel-macos-x86_64

Version: 1.0.11
Check: package dependencies
Result: ERROR
    Package required but not available: ‘SNPRelate’
    
    See section ‘The DESCRIPTION file’ in the ‘Writing R Extensions’
    manual.
Flavor: r-patched-solaris-x86