CRAN Package Check Results for Package coxed

Last updated on 2019-12-12 10:49:23 CET.

Flavor Version Tinstall Tcheck Ttotal Status Flags
r-devel-linux-x86_64-debian-clang 0.3.0 14.62 162.26 176.88 OK
r-devel-linux-x86_64-debian-gcc 0.3.0 12.25 122.87 135.12 OK
r-devel-linux-x86_64-fedora-clang 0.3.0 202.89 OK
r-devel-linux-x86_64-fedora-gcc 0.3.0 200.11 OK
r-devel-windows-ix86+x86_64 0.3.0 32.00 219.00 251.00 WARN
r-devel-windows-ix86+x86_64-gcc8 0.3.0 26.00 227.00 253.00 WARN
r-patched-linux-x86_64 0.3.0 12.55 143.28 155.83 OK
r-patched-solaris-x86 0.3.0 283.40 OK
r-release-linux-x86_64 0.3.0 11.88 139.80 151.68 OK
r-release-windows-ix86+x86_64 0.3.0 31.00 149.00 180.00 WARN
r-release-osx-x86_64 0.3.0 OK
r-oldrel-windows-ix86+x86_64 0.3.0 17.00 133.00 150.00 WARN
r-oldrel-osx-x86_64 0.3.0 OK

Check Details

Version: 0.3.0
Check: re-building of vignette outputs
Result: WARN
    Error(s) in re-building vignettes:
    --- re-building 'coxed.Rmd' using rmarkdown
    Loading required package: rms
    Loading required package: Hmisc
    Loading required package: lattice
    Loading required package: survival
    Loading required package: Formula
    Loading required package: ggplot2
    
    Attaching package: 'Hmisc'
    
    The following objects are masked from 'package:base':
    
     format.pval, units
    
    Loading required package: SparseM
    
    Attaching package: 'SparseM'
    
    The following object is masked from 'package:base':
    
     backsolve
    
    Loading required package: mgcv
    Loading required package: nlme
    This is mgcv 1.8-31. For overview type 'help("mgcv-package")'.
    
    Attaching package: 'dplyr'
    
    The following object is masked from 'package:nlme':
    
     collapse
    
    The following objects are masked from 'package:Hmisc':
    
     src, summarize
    
    The following objects are masked from 'package:stats':
    
     filter, lag
    
    The following objects are masked from 'package:base':
    
     intersect, setdiff, setequal, union
    
    --- finished re-building 'coxed.Rmd'
    
    --- re-building 'simulating_survival_data.Rmd' using rmarkdown
    Loading required package: rms
    Loading required package: Hmisc
    Loading required package: lattice
    Loading required package: survival
    Loading required package: Formula
    Loading required package: ggplot2
    
    Attaching package: 'Hmisc'
    
    The following objects are masked from 'package:base':
    
     format.pval, units
    
    Loading required package: SparseM
    
    Attaching package: 'SparseM'
    
    The following object is masked from 'package:base':
    
     backsolve
    
    Loading required package: mgcv
    Loading required package: nlme
    This is mgcv 1.8-31. For overview type 'help("mgcv-package")'.
    Quitting from lines 81-83 (simulating_survival_data.Rmd)
    Error: processing vignette 'simulating_survival_data.Rmd' failed with diagnostics:
    there is no package called 'bindrcpp'
    --- failed re-building 'simulating_survival_data.Rmd'
    
    SUMMARY: processing the following file failed:
     'simulating_survival_data.Rmd'
    
    Error: Vignette re-building failed.
    Execution halted
Flavors: r-devel-windows-ix86+x86_64, r-devel-windows-ix86+x86_64-gcc8, r-release-windows-ix86+x86_64

Version: 0.3.0
Check: re-building of vignette outputs
Result: WARN
    Error in re-building vignettes:
     ...
    Loading required package: rms
    Loading required package: Hmisc
    Loading required package: lattice
    Loading required package: survival
    Loading required package: Formula
    Loading required package: ggplot2
    
    Attaching package: 'Hmisc'
    
    The following objects are masked from 'package:base':
    
     format.pval, units
    
    Loading required package: SparseM
    
    Attaching package: 'SparseM'
    
    The following object is masked from 'package:base':
    
     backsolve
    
    Loading required package: mgcv
    Loading required package: nlme
    This is mgcv 1.8-31. For overview type 'help("mgcv-package")'.
    
    Attaching package: 'dplyr'
    
    The following object is masked from 'package:nlme':
    
     collapse
    
    The following objects are masked from 'package:Hmisc':
    
     src, summarize
    
    The following objects are masked from 'package:stats':
    
     filter, lag
    
    The following objects are masked from 'package:base':
    
     intersect, setdiff, setequal, union
    
    Quitting from lines 81-83 (simulating_survival_data.Rmd)
    Error: processing vignette 'simulating_survival_data.Rmd' failed with diagnostics:
    there is no package called 'bindrcpp'
    Execution halted
Flavor: r-oldrel-windows-ix86+x86_64