CRAN Package Check Results for Package coxed

Last updated on 2020-09-21 09:02:44 CEST.

Flavor Version Tinstall Tcheck Ttotal Status Flags
r-devel-linux-x86_64-debian-clang 0.3.3 16.13 173.03 189.16 OK
r-devel-linux-x86_64-debian-gcc 0.3.3 13.34 124.22 137.56 OK
r-devel-linux-x86_64-fedora-clang 0.3.3 225.69 NOTE
r-devel-linux-x86_64-fedora-gcc 0.3.3 216.74 NOTE
r-devel-windows-ix86+x86_64 0.3.3 36.00 169.00 205.00 OK
r-patched-linux-x86_64 0.3.3 14.56 163.03 177.59 OK
r-patched-solaris-x86 0.3.3 329.50 NOTE
r-release-linux-x86_64 0.3.3 12.70 164.16 176.86 OK
r-release-macos-x86_64 0.3.3 NOTE
r-release-windows-ix86+x86_64 0.3.3 34.00 230.00 264.00 OK
r-oldrel-macos-x86_64 0.3.3 NOTE
r-oldrel-windows-ix86+x86_64 0.3.3 21.00 202.00 223.00 OK

Check Details

Version: 0.3.3
Check: dependencies in R code
Result: NOTE
    Namespace in Imports field not imported from: ‘mediation’
     All declared Imports should be used.
Flavors: r-devel-linux-x86_64-fedora-clang, r-devel-linux-x86_64-fedora-gcc, r-patched-solaris-x86, r-release-macos-x86_64, r-oldrel-macos-x86_64