Last updated on 2022-05-20 09:52:04 CEST.
Flavor | Version | Tinstall | Tcheck | Ttotal | Status | Flags |
---|---|---|---|---|---|---|
r-devel-linux-x86_64-debian-clang | 0.3.3 | 17.46 | 210.32 | 227.78 | OK | |
r-devel-linux-x86_64-debian-gcc | 0.3.3 | 14.94 | 156.39 | 171.33 | OK | |
r-devel-linux-x86_64-fedora-clang | 0.3.3 | 266.04 | NOTE | |||
r-devel-windows-x86_64 | 0.3.3 | 184.00 | 250.00 | 434.00 | OK | |
r-patched-linux-x86_64 | 0.3.3 | 23.02 | 195.49 | 218.51 | OK | |
r-release-linux-x86_64 | 0.3.3 | 18.71 | 202.35 | 221.06 | OK | |
r-release-macos-arm64 | 0.3.3 | 92.00 | NOTE | |||
r-release-macos-x86_64 | 0.3.3 | 135.00 | NOTE | |||
r-release-windows-x86_64 | 0.3.3 | 255.00 | 246.00 | 501.00 | OK | |
r-oldrel-macos-arm64 | 0.3.3 | 99.00 | NOTE | |||
r-oldrel-macos-x86_64 | 0.3.3 | 146.00 | NOTE | |||
r-oldrel-windows-ix86+x86_64 | 0.3.3 | 39.00 | 221.00 | 260.00 | OK |
Version: 0.3.3
Check: dependencies in R code
Result: NOTE
Namespace in Imports field not imported from: ‘mediation’
All declared Imports should be used.
Flavors: r-devel-linux-x86_64-fedora-clang, r-release-macos-arm64, r-release-macos-x86_64, r-oldrel-macos-arm64, r-oldrel-macos-x86_64