CRAN Package Check Results for Package covid19nytimes

Last updated on 2020-08-07 10:07:26 CEST.

Flavor Version Tinstall Tcheck Ttotal Status Flags
r-devel-linux-x86_64-debian-clang 0.1.3 3.30 47.26 50.56 OK
r-devel-linux-x86_64-debian-gcc 0.1.3 3.15 36.80 39.95 OK
r-devel-linux-x86_64-fedora-clang 0.1.3 66.44 NOTE
r-devel-linux-x86_64-fedora-gcc 0.1.3 60.55 NOTE
r-devel-windows-ix86+x86_64 0.1.3 15.00 92.00 107.00 OK
r-patched-linux-x86_64 0.1.3 3.22 46.30 49.52 OK
r-patched-solaris-x86 0.1.3 93.30 NOTE
r-release-linux-x86_64 0.1.3 3.21 46.23 49.44 OK
r-release-macos-x86_64 0.1.3 NOTE
r-release-windows-ix86+x86_64 0.1.3 12.00 73.00 85.00 OK
r-oldrel-macos-x86_64 0.1.3 NOTE
r-oldrel-windows-ix86+x86_64 0.1.3 7.00 61.00 68.00 OK

Check Details

Version: 0.1.3
Check: data for non-ASCII characters
Result: NOTE
     Note: found 48 marked UTF-8 strings
Flavors: r-devel-linux-x86_64-fedora-clang, r-devel-linux-x86_64-fedora-gcc, r-patched-solaris-x86, r-release-macos-x86_64, r-oldrel-macos-x86_64