Last updated on 2024-04-23 10:53:59 CEST.
Flavor | Version | Tinstall | Tcheck | Ttotal | Status | Flags |
---|---|---|---|---|---|---|
r-devel-linux-x86_64-debian-clang | 1.0.1 | 44.96 | 119.78 | 164.74 | NOTE | |
r-devel-linux-x86_64-debian-gcc | 1.0.1 | 34.17 | 213.63 | 247.80 | NOTE | |
r-devel-linux-x86_64-fedora-clang | 1.0.1 | 289.75 | NOTE | |||
r-devel-linux-x86_64-fedora-gcc | 1.0.1 | 285.69 | NOTE | |||
r-prerel-macos-arm64 | 1.0.1 | 55.00 | NOTE | |||
r-prerel-windows-x86_64 | 1.0.1 | 37.00 | 116.00 | 153.00 | NOTE | |
r-patched-linux-x86_64 | 1.0.1 | 44.94 | 244.79 | 289.73 | NOTE | |
r-release-linux-x86_64 | 1.0.1 | 44.55 | 267.77 | 312.32 | NOTE | |
r-release-macos-arm64 | 1.0.1 | 65.00 | NOTE | |||
r-release-macos-x86_64 | 1.0.1 | 94.00 | NOTE | |||
r-release-windows-x86_64 | 1.0.1 | 44.00 | 140.00 | 184.00 | NOTE | |
r-oldrel-macos-arm64 | 1.0.1 | 61.00 | OK | |||
r-oldrel-windows-x86_64 | 1.0.1 | 44.00 | 137.00 | 181.00 | OK |
Version: 1.0.1
Check: C++ specification
Result: NOTE
Specified C++11: please drop specification unless essential
Flavors: r-devel-linux-x86_64-debian-clang, r-devel-linux-x86_64-debian-gcc, r-devel-linux-x86_64-fedora-clang, r-devel-linux-x86_64-fedora-gcc, r-prerel-macos-arm64, r-prerel-windows-x86_64, r-patched-linux-x86_64, r-release-linux-x86_64, r-release-macos-arm64, r-release-macos-x86_64, r-release-windows-x86_64