Last updated on 2024-04-24 10:22:51 CEST.
Flavor | Version | Tinstall | Tcheck | Ttotal | Status | Flags |
---|---|---|---|---|---|---|
r-devel-linux-x86_64-debian-clang | 0.0.2 | 3.30 | 49.68 | 52.98 | NOTE | |
r-devel-linux-x86_64-debian-gcc | 0.0.2 | 2.20 | 38.52 | 40.72 | NOTE | |
r-devel-linux-x86_64-fedora-clang | 0.0.2 | 66.50 | NOTE | |||
r-devel-linux-x86_64-fedora-gcc | 0.0.2 | 77.14 | NOTE | |||
r-devel-windows-x86_64 | 0.0.2 | 4.00 | 88.00 | 92.00 | NOTE | |
r-patched-linux-x86_64 | 0.0.2 | 3.28 | 48.33 | 51.61 | NOTE | |
r-release-linux-x86_64 | 0.0.2 | 2.14 | 46.46 | 48.60 | NOTE | |
r-release-macos-arm64 | 0.0.2 | 36.00 | NOTE | |||
r-release-windows-x86_64 | 0.0.2 | 3.00 | 83.00 | 86.00 | NOTE | |
r-oldrel-macos-arm64 | 0.0.2 | 30.00 | NOTE | |||
r-oldrel-macos-x86_64 | 0.0.2 | 60.00 | NOTE | |||
r-oldrel-windows-x86_64 | 0.0.2 | 4.00 | 85.00 | 89.00 | NOTE |
Version: 0.0.2
Check: LazyData
Result: NOTE
'LazyData' is specified without a 'data' directory
Flavors: r-devel-linux-x86_64-debian-clang, r-devel-linux-x86_64-debian-gcc, r-devel-linux-x86_64-fedora-clang, r-devel-linux-x86_64-fedora-gcc, r-devel-windows-x86_64, r-patched-linux-x86_64, r-release-linux-x86_64, r-release-macos-arm64, r-release-windows-x86_64, r-oldrel-macos-arm64, r-oldrel-macos-x86_64, r-oldrel-windows-x86_64