Last updated on 2024-03-29 11:53:49 CET.
Flavor | Version | Tinstall | Tcheck | Ttotal | Status | Flags |
---|---|---|---|---|---|---|
r-devel-linux-x86_64-debian-clang | 1.2.1 | 21.12 | 79.55 | 100.67 | NOTE | |
r-devel-linux-x86_64-debian-gcc | 1.2.1 | 21.09 | 66.08 | 87.17 | NOTE | |
r-devel-linux-x86_64-fedora-clang | 1.2.1 | 143.28 | NOTE | |||
r-devel-linux-x86_64-fedora-gcc | 1.2.1 | 156.69 | NOTE | |||
r-patched-linux-x86_64 | 1.2.1 | 22.46 | 81.54 | 104.00 | NOTE | |
r-release-linux-x86_64 | 1.2.1 | 24.66 | 80.63 | 105.29 | NOTE | |
r-release-macos-arm64 | 1.2.1 | 58.00 | NOTE | |||
r-release-macos-x86_64 | 1.2.1 | 98.00 | NOTE | |||
r-oldrel-macos-arm64 | 1.2.1 | 49.00 | NOTE |
Version: 1.2.1
Check: C++ specification
Result: NOTE
Specified C++11: please drop specification unless essential
Flavors: r-devel-linux-x86_64-debian-clang, r-devel-linux-x86_64-debian-gcc, r-devel-linux-x86_64-fedora-clang, r-devel-linux-x86_64-fedora-gcc, r-patched-linux-x86_64, r-release-linux-x86_64, r-release-macos-arm64, r-release-macos-x86_64
Version: 1.2.1
Check: LazyData
Result: NOTE
'LazyData' is specified without a 'data' directory
Flavors: r-devel-linux-x86_64-debian-clang, r-devel-linux-x86_64-debian-gcc, r-devel-linux-x86_64-fedora-clang, r-devel-linux-x86_64-fedora-gcc, r-patched-linux-x86_64, r-release-linux-x86_64, r-release-macos-arm64, r-release-macos-x86_64, r-oldrel-macos-arm64
Version: 1.2.1
Check: dependencies in R code
Result: NOTE
Namespace in Imports field not imported from: ‘data.table’
All declared Imports should be used.
Flavors: r-devel-linux-x86_64-fedora-clang, r-devel-linux-x86_64-fedora-gcc
Version: 1.2.1
Check: installed package size
Result: NOTE
installed size is 5.1Mb
sub-directories of 1Mb or more:
extdata 3.8Mb
Flavors: r-release-macos-arm64, r-release-macos-x86_64, r-oldrel-macos-arm64