Last updated on 2023-01-29 11:07:30 CET.
Flavor | Version | Tinstall | Tcheck | Ttotal | Status | Flags |
---|---|---|---|---|---|---|
r-devel-linux-x86_64-debian-clang | 1.0.2 | 2.24 | 29.49 | 31.73 | NOTE | |
r-devel-linux-x86_64-debian-gcc | 1.0.2 | 1.84 | 22.14 | 23.98 | NOTE | |
r-devel-linux-x86_64-fedora-clang | 1.0.2 | 39.72 | NOTE | |||
r-devel-linux-x86_64-fedora-gcc | 1.0.2 | 39.28 | NOTE | |||
r-devel-windows-x86_64 | 1.0.2 | 11.00 | 57.00 | 68.00 | NOTE | |
r-patched-linux-x86_64 | 1.0.2 | 2.20 | 28.80 | 31.00 | NOTE | |
r-release-linux-x86_64 | 1.0.2 | 2.39 | 29.04 | 31.43 | NOTE | |
r-release-macos-arm64 | 1.0.2 | 17.00 | NOTE | |||
r-release-macos-x86_64 | 1.0.2 | 21.00 | NOTE | |||
r-release-windows-x86_64 | 1.0.2 | 6.00 | 54.00 | 60.00 | NOTE | |
r-oldrel-macos-arm64 | 1.0.2 | 21.00 | NOTE | |||
r-oldrel-macos-x86_64 | 1.0.2 | 33.00 | NOTE | |||
r-oldrel-windows-ix86+x86_64 | 1.0.2 | 7.00 | 54.00 | 61.00 | NOTE |
Version: 1.0.2
Check: LazyData
Result: NOTE
'LazyData' is specified without a 'data' directory
Flavors: r-devel-linux-x86_64-debian-clang, r-devel-linux-x86_64-debian-gcc, r-devel-linux-x86_64-fedora-clang, r-devel-linux-x86_64-fedora-gcc, r-devel-windows-x86_64, r-patched-linux-x86_64, r-release-linux-x86_64, r-release-macos-arm64, r-release-macos-x86_64, r-release-windows-x86_64, r-oldrel-macos-arm64, r-oldrel-macos-x86_64, r-oldrel-windows-ix86+x86_64