CRAN Package Check Results for Package copre

Last updated on 2023-01-27 10:50:13 CET.

Flavor Version Tinstall Tcheck Ttotal Status Flags
r-devel-linux-x86_64-debian-clang 0.1.0 60.90 57.40 118.30 OK
r-devel-linux-x86_64-debian-gcc 0.1.0 45.57 43.14 88.71 NOTE
r-devel-linux-x86_64-fedora-clang 0.1.0 174.17 OK
r-devel-linux-x86_64-fedora-gcc 0.1.0 155.07 NOTE
r-devel-windows-x86_64 0.1.0 56.00 109.00 165.00 OK
r-patched-linux-x86_64 0.1.0 48.56 55.85 104.41 OK
r-release-linux-x86_64 0.1.0 48.29 57.58 105.87 OK
r-release-macos-arm64 0.1.0 40.00 OK
r-release-macos-x86_64 0.1.0 55.00 OK
r-release-windows-x86_64 0.1.0 55.00 106.00 161.00 OK
r-oldrel-macos-arm64 0.1.0 39.00 OK
r-oldrel-macos-x86_64 0.1.0 59.00 OK
r-oldrel-windows-ix86+x86_64 0.1.0 147.00 117.00 264.00 OK

Check Details

Version: 0.1.0
Check: C++ specification
Result: NOTE
     Specified C++11: please update to current default of C++17
Flavors: r-devel-linux-x86_64-debian-gcc, r-devel-linux-x86_64-fedora-gcc