CRAN Package Check Results for Package convergEU

Last updated on 2022-09-29 09:55:28 CEST.

Flavor Version Tinstall Tcheck Ttotal Status Flags
r-devel-linux-x86_64-debian-clang 0.5.1 7.58 229.79 237.37 OK
r-devel-linux-x86_64-debian-gcc 0.5.1 5.53 168.50 174.03 OK
r-devel-linux-x86_64-fedora-clang 0.5.1 301.13 NOTE
r-devel-linux-x86_64-fedora-gcc 0.5.1 280.36 NOTE
r-devel-windows-x86_64 0.5.1 53.00 268.00 321.00 OK
r-patched-linux-x86_64 0.5.1 8.02 215.85 223.87 OK
r-release-linux-x86_64 0.5.1 6.67 209.64 216.31 OK
r-release-macos-arm64 0.5.1 55.00 NOTE
r-release-macos-x86_64 0.5.1 133.00 NOTE
r-release-windows-x86_64 0.5.1 51.00 257.00 308.00 OK
r-oldrel-macos-arm64 0.5.1 76.00 NOTE
r-oldrel-macos-x86_64 0.5.1 98.00 NOTE
r-oldrel-windows-ix86+x86_64 0.5.1 17.00 273.00 290.00 OK

Check Details

Version: 0.5.1
Check: data for non-ASCII characters
Result: NOTE
     Note: found 1 marked UTF-8 string
Flavors: r-devel-linux-x86_64-fedora-clang, r-devel-linux-x86_64-fedora-gcc, r-release-macos-arm64, r-release-macos-x86_64, r-oldrel-macos-arm64, r-oldrel-macos-x86_64