CRAN Package Check Results for Package connectwidgets

Last updated on 2022-08-11 10:51:52 CEST.

Flavor Version Tinstall Tcheck Ttotal Status Flags
r-devel-linux-x86_64-debian-clang 0.1.1 4.85 46.86 51.71 OK
r-devel-linux-x86_64-debian-gcc 0.1.1 4.43 35.79 40.22 OK
r-devel-linux-x86_64-fedora-clang 0.1.1 73.50 NOTE
r-devel-linux-x86_64-fedora-gcc 0.1.1 72.46 NOTE
r-devel-windows-x86_64 0.1.1 107.00 79.00 186.00 OK
r-patched-linux-x86_64 0.1.1 5.81 45.24 51.05 OK
r-release-linux-x86_64 0.1.1 OK
r-release-macos-arm64 0.1.1 26.00 NOTE
r-release-macos-x86_64 0.1.1 45.00 NOTE
r-release-windows-x86_64 0.1.1 102.00 82.00 184.00 OK
r-oldrel-macos-arm64 0.1.1 28.00 NOTE
r-oldrel-macos-x86_64 0.1.1 74.00 NOTE
r-oldrel-windows-ix86+x86_64 0.1.1 11.00 69.00 80.00 OK

Check Details

Version: 0.1.1
Check: dependencies in R code
Result: NOTE
    Namespaces in Imports field not imported from:
     ‘R6’ ‘httr’ ‘jsonlite’
     All declared Imports should be used.
Flavors: r-devel-linux-x86_64-fedora-clang, r-devel-linux-x86_64-fedora-gcc, r-release-macos-arm64, r-release-macos-x86_64, r-oldrel-macos-arm64, r-oldrel-macos-x86_64