Last updated on 2024-04-26 09:51:56 CEST.
Flavor | Version | Tinstall | Tcheck | Ttotal | Status | Flags |
---|---|---|---|---|---|---|
r-devel-linux-x86_64-debian-clang | 1.41 | 11.05 | 144.18 | 155.23 | NOTE | |
r-devel-linux-x86_64-debian-gcc | 1.41 | 10.06 | 101.57 | 111.63 | NOTE | |
r-devel-linux-x86_64-fedora-clang | 1.41 | 191.94 | NOTE | |||
r-devel-linux-x86_64-fedora-gcc | 1.41 | 186.44 | NOTE | |||
r-devel-windows-x86_64 | 1.41 | 11.00 | 122.00 | 133.00 | OK | |
r-patched-linux-x86_64 | 1.41 | 8.01 | 132.58 | 140.59 | NOTE | |
r-release-linux-x86_64 | 1.41 | 7.44 | 133.26 | 140.70 | NOTE | |
r-release-macos-arm64 | 1.41 | 57.00 | OK | |||
r-release-windows-x86_64 | 1.41 | 10.00 | 122.00 | 132.00 | OK | |
r-oldrel-macos-arm64 | 1.41 | 53.00 | OK | |||
r-oldrel-macos-x86_64 | 1.41 | 84.00 | OK | |||
r-oldrel-windows-x86_64 | 1.41 | 15.00 | 152.00 | 167.00 | OK |
Version: 1.41
Check: for non-standard things in the check directory
Result: NOTE
Found the following files/directories:
‘design_names.csv’ ‘design_numbers.csv’
‘encoded_orthogonal_factorial_design.csv’
‘orthogonal_factorial_design.csv’
Flavors: r-devel-linux-x86_64-debian-clang, r-devel-linux-x86_64-debian-gcc, r-devel-linux-x86_64-fedora-clang, r-devel-linux-x86_64-fedora-gcc, r-patched-linux-x86_64, r-release-linux-x86_64