Last updated on 2024-05-04 09:49:31 CEST.
Flavor | Version | Tinstall | Tcheck | Ttotal | Status | Flags |
---|---|---|---|---|---|---|
r-devel-linux-x86_64-debian-clang | 1.5-0 | 6.18 | 239.36 | 245.54 | OK | |
r-devel-linux-x86_64-debian-gcc | 1.5-0 | 4.37 | 177.74 | 182.11 | OK | |
r-devel-linux-x86_64-fedora-clang | 1.5-0 | 300.22 | NOTE | |||
r-devel-linux-x86_64-fedora-gcc | 1.5-0 | 336.11 | OK | |||
r-devel-windows-x86_64 | 1.5-0 | 6.00 | 309.00 | 315.00 | NOTE | |
r-patched-linux-x86_64 | 1.5-0 | 6.67 | 225.39 | 232.06 | OK | |
r-release-linux-x86_64 | 1.5-0 | 4.53 | 232.30 | 236.83 | OK | |
r-release-macos-arm64 | 1.5-0 | 93.00 | NOTE | |||
r-release-macos-x86_64 | 1.5-0 | 318.00 | NOTE | |||
r-release-windows-x86_64 | 1.5-0 | 7.00 | 308.00 | 315.00 | NOTE | |
r-oldrel-macos-arm64 | 1.5-0 | 109.00 | NOTE | |||
r-oldrel-macos-x86_64 | 1.5-0 | 323.00 | NOTE | |||
r-oldrel-windows-x86_64 | 1.5-0 | 6.00 | 313.00 | 319.00 | NOTE |
Version: 1.5-0
Check: installed package size
Result: NOTE
installed size is 5.4Mb
sub-directories of 1Mb or more:
doc 2.4Mb
extdata 2.1Mb
Flavors: r-devel-linux-x86_64-fedora-clang, r-devel-windows-x86_64, r-release-macos-arm64, r-release-macos-x86_64, r-release-windows-x86_64, r-oldrel-macos-arm64, r-oldrel-macos-x86_64, r-oldrel-windows-x86_64