CRAN Package Check Results for Package collapse

Last updated on 2022-12-08 10:53:17 CET.

Flavor Version Tinstall Tcheck Ttotal Status Flags
r-devel-linux-x86_64-debian-clang 1.8.9 237.54 352.32 589.86 WARN
r-devel-linux-x86_64-debian-gcc 1.8.9 183.14 316.00 499.14 WARN
r-devel-linux-x86_64-fedora-clang 1.8.9 826.29 WARN
r-devel-linux-x86_64-fedora-gcc 1.8.9 774.46 WARN
r-devel-windows-x86_64 1.8.9 378.00 605.00 983.00 OK
r-patched-linux-x86_64 1.8.9 208.45 326.90 535.35 OK
r-release-linux-x86_64 1.8.9 212.08 323.08 535.16 OK
r-release-macos-arm64 1.8.9 172.00 NOTE
r-release-macos-x86_64 1.8.9 250.00 NOTE
r-release-windows-x86_64 1.8.9 418.00 429.00 847.00 OK
r-oldrel-macos-arm64 1.8.9 158.00 NOTE
r-oldrel-macos-x86_64 1.8.9 246.00 NOTE
r-oldrel-windows-ix86+x86_64 1.8.9 514.00 666.00 1180.00 WARN

Check Details

Version: 1.8.9
Check: compiled code
Result: WARN
    File 'collapse/libs/collapse.so':
     Found '__sprintf_chk', possibly from 'sprintf' (C)
     Object: 'data.table_rbindlist.o'
    
    Compiled code should not call entry points which might terminate R nor
    write to stdout/stderr instead of to the console, nor use Fortran I/O
    nor system RNGs nor [v]sprintf.
    
    See 'Writing portable packages' in the 'Writing R Extensions' manual.
Flavors: r-devel-linux-x86_64-debian-clang, r-devel-linux-x86_64-debian-gcc, r-devel-linux-x86_64-fedora-gcc

Version: 1.8.9
Check: compiled code
Result: WARN
    File ‘collapse/libs/collapse.so’:
     Found ‘sprintf’, possibly from ‘sprintf’ (C)
     Object: ‘data.table_rbindlist.o’
    
    Compiled code should not call entry points which might terminate R nor
    write to stdout/stderr instead of to the console, nor use Fortran I/O
    nor system RNGs nor [v]sprintf.
    
    See ‘Writing portable packages’ in the ‘Writing R Extensions’ manual.
Flavor: r-devel-linux-x86_64-fedora-clang

Version: 1.8.9
Check: installed package size
Result: NOTE
     installed size is 13.1Mb
     sub-directories of 1Mb or more:
     libs 10.7Mb
Flavors: r-release-macos-arm64, r-release-macos-x86_64, r-oldrel-macos-arm64, r-oldrel-macos-x86_64, r-oldrel-windows-ix86+x86_64

Version: 1.8.9
Check: for unstated dependencies in ‘tests’
Result: WARN
    Warning: unable to access index for repository https://bioconductor.org/packages/3.14/bioc/src/contrib:
     cannot open URL 'https://bioconductor.org/packages/3.14/bioc/src/contrib/PACKAGES'
    Warning: unable to access index for repository https://bioconductor.org/packages/3.14/data/annotation/src/contrib:
     cannot open URL 'https://bioconductor.org/packages/3.14/data/annotation/src/contrib/PACKAGES'
    Warning: unable to access index for repository https://bioconductor.org/packages/3.14/data/experiment/src/contrib:
     cannot open URL 'https://bioconductor.org/packages/3.14/data/experiment/src/contrib/PACKAGES'
Flavor: r-oldrel-windows-ix86+x86_64