CRAN Package Check Results for Package codetools

Last updated on 2020-09-19 10:48:01 CEST.

Flavor Version Tinstall Tcheck Ttotal Status Flags
r-devel-linux-x86_64-debian-clang 0.2-16 2.25 23.14 25.39 OK
r-devel-linux-x86_64-debian-gcc 0.2-16 2.49 17.56 20.05 OK
r-devel-linux-x86_64-fedora-clang 0.2-16 40.94 OK
r-devel-linux-x86_64-fedora-gcc 0.2-16 31.12 OK
r-devel-windows-ix86+x86_64 0.2-16 6.00 37.00 43.00 OK
r-patched-linux-x86_64 0.2-16 1.93 22.54 24.47 OK
r-patched-solaris-x86 0.2-16 OK
r-release-linux-x86_64 0.2-16 2.45 22.92 25.37 OK
r-release-macos-x86_64 0.2-16 FAIL
r-release-windows-ix86+x86_64 0.2-16 6.00 29.00 35.00 OK
r-oldrel-macos-x86_64 0.2-16 OK
r-oldrel-windows-ix86+x86_64 0.2-16 6.00 43.00 49.00 OK

Check Details

Version: 0.2-16
Check: package dependencies
Result: FAIL
Flavor: r-release-macos-x86_64