CRAN Package Check Results for Package coda.base

Last updated on 2020-08-07 10:07:26 CEST.

Flavor Version Tinstall Tcheck Ttotal Status Flags
r-devel-linux-x86_64-debian-clang 0.3.1 57.56 34.03 91.59 OK
r-devel-linux-x86_64-debian-gcc 0.3.1 44.15 26.09 70.24 OK
r-devel-linux-x86_64-fedora-clang 0.3.1 129.14 NOTE
r-devel-linux-x86_64-fedora-gcc 0.3.1 113.68 NOTE
r-devel-windows-ix86+x86_64 0.3.1 135.00 73.00 208.00 OK
r-patched-linux-x86_64 0.3.1 46.01 33.49 79.50 OK
r-patched-solaris-x86 0.3.1 114.30 NOTE
r-release-linux-x86_64 0.3.1 41.77 32.94 74.71 OK
r-release-macos-x86_64 0.3.1 NOTE
r-release-windows-ix86+x86_64 0.3.1 132.00 87.00 219.00 OK
r-oldrel-macos-x86_64 0.3.1 NOTE
r-oldrel-windows-ix86+x86_64 0.3.1 94.00 65.00 159.00 OK

Check Details

Version: 0.3.1
Check: data for non-ASCII characters
Result: NOTE
     Note: found 19 marked UTF-8 strings
Flavors: r-devel-linux-x86_64-fedora-clang, r-devel-linux-x86_64-fedora-gcc, r-patched-solaris-x86, r-release-macos-x86_64, r-oldrel-macos-x86_64