Last updated on 2024-05-02 10:48:39 CEST.
Flavor | Version | Tinstall | Tcheck | Ttotal | Status | Flags |
---|---|---|---|---|---|---|
r-devel-linux-x86_64-debian-clang | 0.1-2 | 2.96 | 35.78 | 38.74 | NOTE | |
r-devel-linux-x86_64-debian-gcc | 0.1-2 | 2.28 | 26.78 | 29.06 | NOTE | |
r-devel-linux-x86_64-fedora-clang | 0.1-2 | 50.08 | NOTE | |||
r-devel-linux-x86_64-fedora-gcc | 0.1-2 | 63.07 | NOTE | |||
r-devel-windows-x86_64 | 0.1-2 | 3.00 | 49.00 | 52.00 | NOTE | |
r-patched-linux-x86_64 | 0.1-2 | 2.98 | 32.96 | 35.94 | NOTE | |
r-release-linux-x86_64 | 0.1-2 | 2.77 | 33.37 | 36.14 | NOTE | |
r-release-macos-arm64 | 0.1-2 | 24.00 | NOTE | |||
r-release-windows-x86_64 | 0.1-2 | 3.00 | 49.00 | 52.00 | NOTE | |
r-oldrel-macos-arm64 | 0.1-2 | 28.00 | NOTE | |||
r-oldrel-macos-x86_64 | 0.1-2 | 37.00 | NOTE | |||
r-oldrel-windows-x86_64 | 0.1-2 | 4.00 | 49.00 | 53.00 | NOTE |
Version: 0.1-2
Check: package dependencies
Result: NOTE
Package suggested but not available for checking: ‘tobit1’
Flavors: r-devel-linux-x86_64-debian-clang, r-devel-linux-x86_64-debian-gcc, r-devel-linux-x86_64-fedora-clang, r-devel-linux-x86_64-fedora-gcc, r-devel-windows-x86_64, r-patched-linux-x86_64, r-release-linux-x86_64, r-release-macos-arm64, r-release-windows-x86_64, r-oldrel-macos-arm64, r-oldrel-macos-x86_64, r-oldrel-windows-x86_64