CRAN Package Check Results for Package cmdfun

Last updated on 2022-12-07 10:49:55 CET.

Flavor Version Tinstall Tcheck Ttotal Status Flags
r-devel-linux-x86_64-debian-clang 1.0.2 3.04 35.49 38.53 NOTE
r-devel-linux-x86_64-debian-gcc 1.0.2 2.51 27.74 30.25 NOTE
r-devel-linux-x86_64-fedora-clang 1.0.2 61.90 NOTE
r-devel-linux-x86_64-fedora-gcc 1.0.2 68.68 NOTE
r-devel-windows-x86_64 1.0.2 18.00 73.00 91.00 NOTE
r-patched-linux-x86_64 1.0.2 2.39 34.79 37.18 NOTE
r-release-linux-x86_64 1.0.2 3.17 33.88 37.05 NOTE
r-release-macos-arm64 1.0.2 21.00 NOTE
r-release-macos-x86_64 1.0.2 37.00 NOTE
r-release-windows-x86_64 1.0.2 23.00 71.00 94.00 NOTE
r-oldrel-macos-arm64 1.0.2 24.00 NOTE
r-oldrel-macos-x86_64 1.0.2 35.00 NOTE
r-oldrel-windows-ix86+x86_64 1.0.2 8.00 64.00 72.00 NOTE

Check Details

Version: 1.0.2
Check: LazyData
Result: NOTE
     'LazyData' is specified without a 'data' directory
Flavors: r-devel-linux-x86_64-debian-clang, r-devel-linux-x86_64-debian-gcc, r-devel-linux-x86_64-fedora-clang, r-devel-linux-x86_64-fedora-gcc, r-devel-windows-x86_64, r-patched-linux-x86_64, r-release-linux-x86_64, r-release-macos-arm64, r-release-macos-x86_64, r-release-windows-x86_64, r-oldrel-macos-arm64, r-oldrel-macos-x86_64, r-oldrel-windows-ix86+x86_64