CRAN Package Check Results for Package clustDRM

Last updated on 2020-08-13 09:48:51 CEST.

Flavor Version Tinstall Tcheck Ttotal Status Flags
r-devel-linux-x86_64-debian-clang 0.1-0 0.48 2.26 2.74 ERROR
r-devel-linux-x86_64-debian-gcc 0.1-0 19.31 123.40 142.71 OK
r-devel-linux-x86_64-fedora-clang 0.1-0 233.97 NOTE
r-devel-linux-x86_64-fedora-gcc 0.1-0 223.76 NOTE
r-devel-windows-ix86+x86_64 0.1-0 65.00 154.00 219.00 OK
r-patched-linux-x86_64 0.1-0 25.70 159.59 185.29 OK
r-patched-solaris-x86 0.1-0 342.20 NOTE
r-release-linux-x86_64 0.1-0 0.57 2.24 2.81 ERROR
r-release-macos-x86_64 0.1-0 ERROR
r-release-windows-ix86+x86_64 0.1-0 57.00 254.00 311.00 OK
r-oldrel-macos-x86_64 0.1-0 ERROR
r-oldrel-windows-ix86+x86_64 0.1-0 42.00 148.00 190.00 OK

Check Details

Version: 0.1-0
Check: package dependencies
Result: ERROR
    Package required but not available: 'caret'
    
    See section 'The DESCRIPTION file' in the 'Writing R Extensions'
    manual.
Flavors: r-devel-linux-x86_64-debian-clang, r-release-linux-x86_64

Version: 0.1-0
Check: dependencies in R code
Result: NOTE
    Namespace in Imports field not imported from: ‘DT’
     All declared Imports should be used.
Flavors: r-devel-linux-x86_64-fedora-clang, r-devel-linux-x86_64-fedora-gcc, r-patched-solaris-x86

Version: 0.1-0
Check: package dependencies
Result: ERROR
    Package required but not available: ‘IsoGene’
    
    See section ‘The DESCRIPTION file’ in the ‘Writing R Extensions’
    manual.
Flavors: r-release-macos-x86_64, r-oldrel-macos-x86_64