CRAN Package Check Results for Package cliapp

Last updated on 2022-12-07 10:49:55 CET.

Flavor Version Tinstall Tcheck Ttotal Status Flags
r-devel-linux-x86_64-debian-clang 0.1.1 6.29 151.11 157.40 NOTE
r-devel-linux-x86_64-debian-gcc 0.1.1 4.65 136.11 140.76 NOTE
r-devel-linux-x86_64-fedora-clang 0.1.1 230.58 NOTE
r-devel-linux-x86_64-fedora-gcc 0.1.1 231.66 NOTE
r-devel-windows-x86_64 0.1.1 32.00 190.00 222.00 NOTE
r-patched-linux-x86_64 0.1.1 5.31 177.43 182.74 NOTE
r-release-linux-x86_64 0.1.1 6.19 173.92 180.11 NOTE
r-release-macos-arm64 0.1.1 48.00 NOTE
r-release-macos-x86_64 0.1.1 78.00 NOTE
r-release-windows-x86_64 0.1.1 36.00 188.00 224.00 NOTE
r-oldrel-macos-arm64 0.1.1 63.00 NOTE
r-oldrel-macos-x86_64 0.1.1 85.00 NOTE
r-oldrel-windows-ix86+x86_64 0.1.1 12.00 169.00 181.00 NOTE

Check Details

Version: 0.1.1
Check: LazyData
Result: NOTE
     'LazyData' is specified without a 'data' directory
Flavors: r-devel-linux-x86_64-debian-clang, r-devel-linux-x86_64-debian-gcc, r-devel-linux-x86_64-fedora-clang, r-devel-linux-x86_64-fedora-gcc, r-devel-windows-x86_64, r-patched-linux-x86_64, r-release-linux-x86_64, r-release-macos-arm64, r-release-macos-x86_64, r-release-windows-x86_64, r-oldrel-macos-arm64, r-oldrel-macos-x86_64, r-oldrel-windows-ix86+x86_64