CRAN Package Check Results for Package clespr

Last updated on 2022-12-01 09:55:04 CET.

Flavor Version Tinstall Tcheck Ttotal Status Flags
r-devel-linux-x86_64-debian-clang 1.1.2 9.80 85.59 95.39 NOTE
r-devel-linux-x86_64-debian-gcc 1.1.2 8.68 64.00 72.68 NOTE
r-devel-linux-x86_64-fedora-clang 1.1.2 129.64 NOTE
r-devel-linux-x86_64-fedora-gcc 1.1.2 144.08 NOTE
r-devel-windows-x86_64 1.1.2 16.00 110.00 126.00 NOTE
r-patched-linux-x86_64 1.1.2 9.81 81.10 90.91 NOTE
r-release-linux-x86_64 1.1.2 7.86 80.25 88.11 NOTE
r-release-macos-arm64 1.1.2 36.00 NOTE
r-release-macos-x86_64 1.1.2 58.00 NOTE
r-release-windows-x86_64 1.1.2 19.00 115.00 134.00 NOTE
r-oldrel-macos-arm64 1.1.2 53.00 NOTE
r-oldrel-macos-x86_64 1.1.2 72.00 NOTE
r-oldrel-windows-ix86+x86_64 1.1.2 23.00 104.00 127.00 NOTE

Check Details

Version: 1.1.2
Check: LazyData
Result: NOTE
     'LazyData' is specified without a 'data' directory
Flavors: r-devel-linux-x86_64-debian-clang, r-devel-linux-x86_64-debian-gcc, r-devel-linux-x86_64-fedora-clang, r-devel-linux-x86_64-fedora-gcc, r-devel-windows-x86_64, r-patched-linux-x86_64, r-release-linux-x86_64, r-release-macos-arm64, r-release-macos-x86_64, r-release-windows-x86_64, r-oldrel-macos-arm64, r-oldrel-macos-x86_64, r-oldrel-windows-ix86+x86_64