Last updated on 2024-04-23 10:53:59 CEST.
Flavor | Version | Tinstall | Tcheck | Ttotal | Status | Flags |
---|---|---|---|---|---|---|
r-devel-linux-x86_64-debian-clang | 1.6.0 | 78.93 | 26.99 | 105.92 | OK | |
r-devel-linux-x86_64-debian-gcc | 1.6.0 | 62.31 | 21.06 | 83.37 | OK | |
r-devel-linux-x86_64-fedora-clang | 1.6.0 | 203.57 | OK | |||
r-devel-linux-x86_64-fedora-gcc | 1.6.0 | 172.17 | OK | |||
r-prerel-macos-arm64 | 1.6.0 | 45.00 | NOTE | |||
r-prerel-windows-x86_64 | 1.6.0 | 69.00 | 72.00 | 141.00 | OK | |
r-patched-linux-x86_64 | 1.6.0 | 80.05 | 26.47 | 106.52 | OK | |
r-release-linux-x86_64 | 1.6.0 | 78.31 | 26.10 | 104.41 | OK | |
r-release-macos-arm64 | 1.6.0 | 102.00 | NOTE | |||
r-release-macos-x86_64 | 1.6.0 | 58.00 | NOTE | |||
r-release-windows-x86_64 | 1.6.0 | 61.00 | 80.00 | 141.00 | OK | |
r-oldrel-macos-arm64 | 1.6.0 | 44.00 | NOTE | |||
r-oldrel-windows-x86_64 | 1.6.0 | 81.00 | 76.00 | 157.00 | OK |
Version: 1.6.0
Check: installed package size
Result: NOTE
installed size is 9.3Mb
sub-directories of 1Mb or more:
libs 9.3Mb
Flavors: r-prerel-macos-arm64, r-release-macos-arm64, r-release-macos-x86_64, r-oldrel-macos-arm64