CRAN Package Check Results for Package cjoint

Last updated on 2020-08-07 10:07:25 CEST.

Flavor Version Tinstall Tcheck Ttotal Status Flags
r-devel-linux-x86_64-debian-clang 2.1.0 17.23 135.70 152.93 OK
r-devel-linux-x86_64-debian-gcc 2.1.0 13.64 101.98 115.62 OK
r-devel-linux-x86_64-fedora-clang 2.1.0 187.15 NOTE
r-devel-linux-x86_64-fedora-gcc 2.1.0 177.88 NOTE
r-devel-windows-ix86+x86_64 2.1.0 54.00 148.00 202.00 OK
r-patched-linux-x86_64 2.1.0 15.95 130.48 146.43 OK
r-patched-solaris-x86 2.1.0 308.00 NOTE
r-release-linux-x86_64 2.1.0 16.79 130.61 147.40 OK
r-release-macos-x86_64 2.1.0 NOTE
r-release-windows-ix86+x86_64 2.1.0 46.00 195.00 241.00 OK
r-oldrel-macos-x86_64 2.1.0 NOTE
r-oldrel-windows-ix86+x86_64 2.1.0 25.00 138.00 163.00 OK

Check Details

Version: 2.1.0
Check: dependencies in R code
Result: NOTE
    Namespace in Imports field not imported from: ‘shinyBS’
     All declared Imports should be used.
Flavors: r-devel-linux-x86_64-fedora-clang, r-devel-linux-x86_64-fedora-gcc, r-patched-solaris-x86, r-release-macos-x86_64, r-oldrel-macos-x86_64

Version: 2.1.0
Check: data for non-ASCII characters
Result: NOTE
     Note: found 29 marked UTF-8 strings
Flavors: r-devel-linux-x86_64-fedora-clang, r-devel-linux-x86_64-fedora-gcc, r-patched-solaris-x86, r-release-macos-x86_64, r-oldrel-macos-x86_64