CRAN Package Check Results for Package cinterpolate

Last updated on 2023-04-02 09:56:17 CEST.

Flavor Version Tinstall Tcheck Ttotal Status Flags
r-devel-linux-x86_64-debian-clang 1.0.0 2.74 25.48 28.22 OK
r-devel-linux-x86_64-debian-gcc 1.0.0 2.29 19.95 22.24 OK
r-devel-linux-x86_64-fedora-clang 1.0.0 37.36 OK
r-devel-linux-x86_64-fedora-gcc 1.0.0 45.09 OK
r-devel-windows-x86_64 1.0.0 6.00 57.00 63.00 OK
r-patched-linux-x86_64 1.0.0 3.24 24.56 27.80 OK
r-release-linux-x86_64 1.0.0 2.43 25.67 28.10 OK
r-release-macos-arm64 1.0.0 6.00 ERROR
r-release-macos-x86_64 1.0.0 26.00 OK
r-release-windows-x86_64 1.0.0 32.00 79.00 111.00 OK
r-oldrel-macos-arm64 1.0.0 26.00 OK
r-oldrel-macos-x86_64 1.0.0 32.00 OK
r-oldrel-windows-ix86+x86_64 1.0.0 11.00 60.00 71.00 OK

Check Details

Version: 1.0.0
Check: whether package can be installed
Result: ERROR
    Installation failed.
Flavor: r-release-macos-arm64