CRAN Package Check Results for Package chunkhooks

Last updated on 2024-06-15 11:50:03 CEST.

Flavor Version Tinstall Tcheck Ttotal Status Flags
r-devel-linux-x86_64-debian-clang 0.0.1 1.91 32.82 34.73 NOTE
r-devel-linux-x86_64-debian-gcc 0.0.1 1.70 25.17 26.87 NOTE
r-devel-linux-x86_64-fedora-clang 0.0.1 44.62 NOTE
r-devel-linux-x86_64-fedora-gcc 0.0.1 55.85 NOTE
r-devel-windows-x86_64 0.0.1 3.00 47.00 50.00 NOTE
r-patched-linux-x86_64 0.0.1 1.39 31.71 33.10 NOTE
r-release-linux-x86_64 0.0.1 2.08 31.71 33.79 NOTE
r-release-macos-arm64 0.0.1 27.00 NOTE
r-release-macos-x86_64 0.0.1 37.00 NOTE
r-release-windows-x86_64 0.0.1 2.00 48.00 50.00 NOTE
r-oldrel-macos-arm64 0.0.1 27.00 NOTE
r-oldrel-macos-x86_64 0.0.1 36.00 NOTE
r-oldrel-windows-x86_64 0.0.1 3.00 49.00 52.00 NOTE

Check Details

Version: 0.0.1
Check: LazyData
Result: NOTE 'LazyData' is specified without a 'data' directory Flavors: r-devel-linux-x86_64-debian-clang, r-devel-linux-x86_64-debian-gcc, r-devel-linux-x86_64-fedora-clang, r-devel-linux-x86_64-fedora-gcc, r-devel-windows-x86_64, r-patched-linux-x86_64, r-release-linux-x86_64, r-release-macos-arm64, r-release-macos-x86_64, r-release-windows-x86_64, r-oldrel-macos-arm64, r-oldrel-macos-x86_64, r-oldrel-windows-x86_64