Last updated on 2024-05-11 09:51:15 CEST.
Flavor | Version | Tinstall | Tcheck | Ttotal | Status | Flags |
---|---|---|---|---|---|---|
r-devel-linux-x86_64-debian-clang | 3.7.3 | 18.27 | 121.51 | 139.78 | OK | |
r-devel-linux-x86_64-debian-gcc | 3.7.3 | 16.61 | 91.19 | 107.80 | OK | |
r-devel-linux-x86_64-fedora-clang | 3.7.3 | 180.06 | NOTE | |||
r-devel-linux-x86_64-fedora-gcc | 3.7.3 | 228.59 | NOTE | |||
r-devel-windows-x86_64 | 3.7.3 | 20.00 | 112.00 | 132.00 | OK | |
r-patched-linux-x86_64 | 3.7.3 | 13.53 | 117.58 | 131.11 | OK | |
r-release-linux-x86_64 | 3.7.3 | 12.73 | 117.11 | 129.84 | OK | |
r-release-macos-arm64 | 3.7.3 | 45.00 | OK | |||
r-release-macos-x86_64 | 3.7.3 | 147.00 | OK | |||
r-release-windows-x86_64 | 3.7.3 | 18.00 | 110.00 | 128.00 | OK | |
r-oldrel-macos-arm64 | 3.7.3 | 55.00 | OK | |||
r-oldrel-macos-x86_64 | 3.7.3 | 99.00 | OK | |||
r-oldrel-windows-x86_64 | 3.7.3 | 23.00 | 127.00 | 150.00 | OK |
Version: 3.7.3
Check: data for non-ASCII characters
Result: NOTE
Note: found 10 marked UTF-8 strings
Flavors: r-devel-linux-x86_64-fedora-clang, r-devel-linux-x86_64-fedora-gcc