Last updated on 2024-04-18 10:49:43 CEST.
Flavor | Version | Tinstall | Tcheck | Ttotal | Status | Flags |
---|---|---|---|---|---|---|
r-devel-linux-x86_64-debian-clang | 0.8.0 | 8.56 | 56.26 | 64.82 | OK | |
r-devel-linux-x86_64-debian-gcc | 0.8.0 | 6.59 | 42.96 | 49.55 | OK | |
r-devel-linux-x86_64-fedora-clang | 0.8.0 | 86.24 | NOTE | |||
r-devel-linux-x86_64-fedora-gcc | 0.8.0 | 85.45 | NOTE | |||
r-prerel-macos-arm64 | 0.8.0 | 28.00 | OK | |||
r-prerel-windows-x86_64 | 0.8.0 | 10.00 | 68.00 | 78.00 | OK | |
r-patched-linux-x86_64 | 0.8.0 | 7.82 | 55.36 | 63.18 | OK | |
r-release-linux-x86_64 | 0.8.0 | 7.96 | 55.52 | 63.48 | OK | |
r-release-macos-arm64 | 0.8.0 | 28.00 | OK | |||
r-release-macos-x86_64 | 0.8.0 | 41.00 | OK | |||
r-release-windows-x86_64 | 0.8.0 | 11.00 | 76.00 | 87.00 | OK | |
r-oldrel-macos-arm64 | 0.8.0 | 25.00 | NOTE | |||
r-oldrel-windows-x86_64 | 0.8.0 | 14.00 | 72.00 | 86.00 | OK |
Version: 0.8.0
Check: dependencies in R code
Result: NOTE
Namespace in Imports field not imported from: ‘gamlss.dist’
All declared Imports should be used.
Flavors: r-devel-linux-x86_64-fedora-clang, r-devel-linux-x86_64-fedora-gcc, r-oldrel-macos-arm64
Version: 0.8.0
Check: data for non-ASCII characters
Result: NOTE
Note: found 32 marked UTF-8 strings
Flavors: r-devel-linux-x86_64-fedora-clang, r-devel-linux-x86_64-fedora-gcc, r-oldrel-macos-arm64