Last updated on 2024-04-19 10:57:20 CEST.
Flavor | Version | Tinstall | Tcheck | Ttotal | Status | Flags |
---|---|---|---|---|---|---|
r-devel-linux-x86_64-debian-clang | 0.1.8 | 11.60 | 587.94 | 599.54 | NOTE | |
r-devel-linux-x86_64-debian-gcc | 0.1.8 | NOTE | ||||
r-devel-linux-x86_64-fedora-clang | 0.1.8 | 744.80 | NOTE | |||
r-devel-linux-x86_64-fedora-gcc | 0.1.8 | 754.11 | NOTE | |||
r-prerel-macos-arm64 | 0.1.8 | 289.00 | NOTE | |||
r-prerel-windows-x86_64 | 0.1.8 | 13.00 | 518.00 | 531.00 | NOTE | |
r-patched-linux-x86_64 | 0.1.8 | 10.56 | 578.17 | 588.73 | NOTE | |
r-release-linux-x86_64 | 0.1.8 | 12.95 | 579.55 | 592.50 | NOTE | |
r-release-macos-arm64 | 0.1.8 | 275.00 | NOTE | |||
r-release-macos-x86_64 | 0.1.8 | 440.00 | NOTE | |||
r-release-windows-x86_64 | 0.1.8 | 15.00 | 644.00 | 659.00 | NOTE | |
r-oldrel-macos-arm64 | 0.1.8 | 264.00 | NOTE | |||
r-oldrel-windows-x86_64 | 0.1.8 | 16.00 | 651.00 | 667.00 | NOTE |
Version: 0.1.8
Check: package dependencies
Result: NOTE
Package suggested but not available for checking: ‘countreg’
Flavors: r-devel-linux-x86_64-debian-clang, r-devel-linux-x86_64-debian-gcc, r-devel-linux-x86_64-fedora-clang, r-devel-linux-x86_64-fedora-gcc, r-prerel-macos-arm64, r-prerel-windows-x86_64, r-patched-linux-x86_64, r-release-linux-x86_64, r-release-macos-x86_64, r-release-windows-x86_64, r-oldrel-windows-x86_64
Version: 0.1.8
Check: dependencies in R code
Result: NOTE
Namespaces in Imports field not imported from:
'knitr' 'rmarkdown'
All declared Imports should be used.
Flavors: r-devel-linux-x86_64-fedora-clang, r-devel-linux-x86_64-fedora-gcc, r-oldrel-macos-arm64
Version: 0.1.8
Check: package dependencies
Result: NOTE
Packages suggested but not available for checking:
'GenomicInteractions', 'Gviz', 'countreg'
Flavor: r-release-macos-arm64
Version: 0.1.8
Check: package dependencies
Result: NOTE
Packages suggested but not available for checking:
'GenomicInteractions', 'GenomicRanges', 'Gviz', 'countreg'
Flavor: r-oldrel-macos-arm64