Last updated on 2024-04-18 10:49:43 CEST.
Flavor | Version | Tinstall | Tcheck | Ttotal | Status | Flags |
---|---|---|---|---|---|---|
r-devel-linux-x86_64-debian-clang | 2.5.3 | 150.86 | 330.86 | 481.72 | OK | |
r-devel-linux-x86_64-debian-gcc | 2.5.3 | 125.93 | 258.78 | 384.71 | OK | |
r-devel-linux-x86_64-fedora-clang | 2.5.3 | 722.57 | NOTE | |||
r-devel-linux-x86_64-fedora-gcc | 2.5.3 | 699.67 | OK | |||
r-prerel-macos-arm64 | 2.5.3 | 147.00 | NOTE | |||
r-prerel-windows-x86_64 | 2.5.3 | 125.00 | 377.00 | 502.00 | NOTE | |
r-patched-linux-x86_64 | 2.5.3 | 156.24 | 337.87 | 494.11 | OK | |
r-release-linux-x86_64 | 2.5.3 | 149.03 | 340.73 | 489.76 | OK | |
r-release-macos-arm64 | 2.5.3 | 169.00 | NOTE | |||
r-release-macos-x86_64 | 2.5.3 | 309.00 | NOTE | |||
r-release-windows-x86_64 | 2.5.3 | 156.00 | 348.00 | 504.00 | NOTE | |
r-oldrel-macos-arm64 | 2.5.3 | 209.00 | NOTE | |||
r-oldrel-windows-x86_64 | 2.5.3 | 149.00 | 344.00 | 493.00 | NOTE |
Version: 2.5.3
Check: installed package size
Result: NOTE
installed size is 6.6Mb
sub-directories of 1Mb or more:
data 3.2Mb
doc 2.0Mb
Flavors: r-devel-linux-x86_64-fedora-clang, r-prerel-macos-arm64, r-prerel-windows-x86_64, r-release-macos-arm64, r-release-macos-x86_64, r-release-windows-x86_64, r-oldrel-macos-arm64, r-oldrel-windows-x86_64