Last updated on 2022-07-04 10:52:08 CEST.
Flavor | Version | Tinstall | Tcheck | Ttotal | Status | Flags |
---|---|---|---|---|---|---|
r-devel-linux-x86_64-debian-clang | 0.0.1 | 13.92 | 130.25 | 144.17 | OK | |
r-devel-linux-x86_64-debian-gcc | 0.0.1 | 9.74 | 94.07 | 103.81 | OK | |
r-devel-linux-x86_64-fedora-clang | 0.0.1 | 179.57 | WARN | |||
r-devel-linux-x86_64-fedora-gcc | 0.0.1 | 178.16 | WARN | |||
r-devel-windows-x86_64 | 0.0.1 | 35.00 | 135.00 | 170.00 | OK | |
r-patched-linux-x86_64 | 0.0.1 | 12.66 | 124.48 | 137.14 | OK | |
r-release-linux-x86_64 | 0.0.1 | 11.75 | 121.18 | 132.93 | OK | |
r-release-macos-arm64 | 0.0.1 | 43.00 | NOTE | |||
r-release-macos-x86_64 | 0.0.1 | 94.00 | NOTE | |||
r-release-windows-x86_64 | 0.0.1 | 31.00 | 142.00 | 173.00 | OK | |
r-oldrel-macos-arm64 | 0.0.1 | 41.00 | NOTE | |||
r-oldrel-macos-x86_64 | 0.0.1 | 58.00 | NOTE | |||
r-oldrel-windows-ix86+x86_64 | 0.0.1 | 31.00 | 139.00 | 170.00 | OK |
Version: 0.0.1
Check: package dependencies
Result: WARN
Requires (indirectly) orphaned package: ‘gtools’
Flavors: r-devel-linux-x86_64-fedora-clang, r-devel-linux-x86_64-fedora-gcc
Version: 0.0.1
Check: dependencies in R code
Result: NOTE
Namespaces in Imports field not imported from:
‘CBPS’ ‘spelling’
All declared Imports should be used.
Flavors: r-devel-linux-x86_64-fedora-clang, r-devel-linux-x86_64-fedora-gcc, r-release-macos-arm64, r-release-macos-x86_64, r-oldrel-macos-arm64, r-oldrel-macos-x86_64