Last updated on 2023-02-03 09:55:25 CET.
Flavor | Version | Tinstall | Tcheck | Ttotal | Status | Flags |
---|---|---|---|---|---|---|
r-devel-linux-x86_64-debian-clang | 0.2.3 | 53.04 | 197.88 | 250.92 | OK | |
r-devel-linux-x86_64-debian-gcc | 0.2.3 | 46.10 | 137.86 | 183.96 | OK | |
r-devel-linux-x86_64-fedora-clang | 0.2.3 | 308.84 | OK | |||
r-devel-linux-x86_64-fedora-gcc | 0.2.3 | 315.36 | OK | |||
r-devel-windows-x86_64 | 0.2.3 | 62.00 | 242.00 | 304.00 | OK | |
r-patched-linux-x86_64 | 0.2.3 | 31.92 | 185.80 | 217.72 | OK | |
r-release-linux-x86_64 | 0.2.3 | 33.42 | 194.23 | 227.65 | OK | |
r-release-macos-arm64 | 0.2.3 | 85.00 | NOTE | |||
r-release-macos-x86_64 | 0.2.3 | 169.00 | NOTE | |||
r-release-windows-x86_64 | 0.2.3 | 59.00 | 262.00 | 321.00 | OK | |
r-oldrel-macos-arm64 | 0.2.3 | 105.00 | NOTE | |||
r-oldrel-macos-x86_64 | 0.2.3 | 132.00 | NOTE | |||
r-oldrel-windows-ix86+x86_64 | 0.2.3 | 119.00 | 273.00 | 392.00 | OK |
Version: 0.2.3
Check: installed package size
Result: NOTE
installed size is 6.4Mb
sub-directories of 1Mb or more:
libs 6.2Mb
Flavors: r-release-macos-arm64, r-release-macos-x86_64, r-oldrel-macos-arm64, r-oldrel-macos-x86_64