Last updated on 2024-04-19 10:57:20 CEST.
Flavor | Version | Tinstall | Tcheck | Ttotal | Status | Flags |
---|---|---|---|---|---|---|
r-devel-linux-x86_64-debian-clang | 1.5.0 | 245.10 | 150.77 | 395.87 | NOTE | |
r-devel-linux-x86_64-debian-gcc | 1.5.0 | NOTE | ||||
r-devel-linux-x86_64-fedora-clang | 1.5.0 | 610.15 | NOTE | |||
r-devel-linux-x86_64-fedora-gcc | 1.5.0 | 519.02 | NOTE | |||
r-prerel-macos-arm64 | 1.5.0 | 100.00 | NOTE | |||
r-prerel-windows-x86_64 | 1.5.0 | 188.00 | 150.00 | 338.00 | NOTE | |
r-patched-linux-x86_64 | 1.5.0 | 210.96 | 142.02 | 352.98 | NOTE | |
r-release-linux-x86_64 | 1.5.0 | 219.61 | 145.88 | 365.49 | NOTE | |
r-release-macos-arm64 | 1.5.0 | 129.00 | NOTE | |||
r-release-macos-x86_64 | 1.5.0 | 193.00 | NOTE | |||
r-release-windows-x86_64 | 1.5.0 | 233.00 | 185.00 | 418.00 | NOTE | |
r-oldrel-macos-arm64 | 1.5.0 | 111.00 | NOTE | |||
r-oldrel-windows-x86_64 | 1.5.0 | 228.00 | 165.00 | 393.00 | NOTE |
Version: 1.5.0
Check: C++ specification
Result: NOTE
Specified C++11: please drop specification unless essential
Flavors: r-devel-linux-x86_64-debian-clang, r-devel-linux-x86_64-debian-gcc, r-devel-linux-x86_64-fedora-clang, r-devel-linux-x86_64-fedora-gcc, r-prerel-macos-arm64, r-prerel-windows-x86_64, r-patched-linux-x86_64, r-release-linux-x86_64, r-release-macos-arm64, r-release-macos-x86_64, r-release-windows-x86_64
Version: 1.5.0
Check: for GNU extensions in Makefiles
Result: NOTE
GNU make is a SystemRequirements.
Flavors: r-devel-linux-x86_64-debian-clang, r-devel-linux-x86_64-debian-gcc, r-devel-linux-x86_64-fedora-clang, r-devel-linux-x86_64-fedora-gcc, r-prerel-macos-arm64, r-prerel-windows-x86_64, r-patched-linux-x86_64, r-release-linux-x86_64, r-release-macos-arm64, r-release-macos-x86_64, r-release-windows-x86_64, r-oldrel-macos-arm64, r-oldrel-windows-x86_64
Version: 1.5.0
Check: installed package size
Result: NOTE
installed size is 7.3Mb
sub-directories of 1Mb or more:
libs 6.4Mb
Flavors: r-prerel-macos-arm64, r-release-macos-arm64, r-release-macos-x86_64, r-oldrel-macos-arm64