Last updated on 2024-04-20 09:55:49 CEST.
Flavor | Version | Tinstall | Tcheck | Ttotal | Status | Flags |
---|---|---|---|---|---|---|
r-devel-linux-x86_64-debian-clang | 0.10.5 | 12.87 | 414.10 | 426.97 | OK | |
r-devel-linux-x86_64-debian-gcc | 0.10.5 | 10.97 | 324.14 | 335.11 | OK | |
r-devel-linux-x86_64-fedora-clang | 0.10.5 | 577.96 | NOTE | |||
r-devel-linux-x86_64-fedora-gcc | 0.10.5 | 585.68 | OK | |||
r-prerel-macos-arm64 | 0.10.5 | 153.00 | NOTE | |||
r-prerel-macos-x86_64 | 0.10.5 | 462.00 | NOTE | |||
r-prerel-windows-x86_64 | 0.10.5 | 14.00 | 274.00 | 288.00 | NOTE | |
r-patched-linux-x86_64 | 0.10.5 | 18.65 | 411.67 | 430.32 | OK | |
r-release-linux-x86_64 | 0.10.5 | 13.49 | 414.67 | 428.16 | OK | |
r-release-macos-arm64 | 0.10.5 | 156.00 | NOTE | |||
r-release-macos-x86_64 | 0.10.5 | 355.00 | NOTE | |||
r-release-windows-x86_64 | 0.10.5 | 18.00 | 355.00 | 373.00 | NOTE | |
r-oldrel-macos-arm64 | 0.10.5 | 150.00 | NOTE | |||
r-oldrel-windows-x86_64 | 0.10.5 | 19.00 | 360.00 | 379.00 | NOTE |
Version: 0.10.5
Check: installed package size
Result: NOTE
installed size is 6.7Mb
sub-directories of 1Mb or more:
doc 5.4Mb
Flavors: r-devel-linux-x86_64-fedora-clang, r-prerel-macos-arm64, r-prerel-macos-x86_64, r-prerel-windows-x86_64, r-release-macos-arm64, r-release-macos-x86_64, r-release-windows-x86_64, r-oldrel-macos-arm64, r-oldrel-windows-x86_64