CRAN Package Check Results for Package cartogram

Last updated on 2022-12-07 10:49:54 CET.

Flavor Version Tinstall Tcheck Ttotal Status Flags
r-devel-linux-x86_64-debian-clang 0.2.2 4.38 70.51 74.89 NOTE
r-devel-linux-x86_64-debian-gcc 0.2.2 3.73 52.27 56.00 NOTE
r-devel-linux-x86_64-fedora-clang 0.2.2 103.72 NOTE
r-devel-linux-x86_64-fedora-gcc 0.2.2 97.96 NOTE
r-devel-windows-x86_64 0.2.2 9.00 94.00 103.00 NOTE
r-patched-linux-x86_64 0.2.2 4.92 66.21 71.13 NOTE
r-release-linux-x86_64 0.2.2 4.32 68.34 72.66 NOTE
r-release-macos-arm64 0.2.2 25.00 NOTE
r-release-macos-x86_64 0.2.2 41.00 NOTE
r-release-windows-x86_64 0.2.2 9.00 95.00 104.00 NOTE
r-oldrel-macos-arm64 0.2.2 33.00 NOTE
r-oldrel-macos-x86_64 0.2.2 51.00 NOTE
r-oldrel-windows-ix86+x86_64 0.2.2 16.00 92.00 108.00 NOTE

Check Details

Version: 0.2.2
Check: LazyData
Result: NOTE
     'LazyData' is specified without a 'data' directory
Flavors: r-devel-linux-x86_64-debian-clang, r-devel-linux-x86_64-debian-gcc, r-devel-linux-x86_64-fedora-clang, r-devel-linux-x86_64-fedora-gcc, r-devel-windows-x86_64, r-patched-linux-x86_64, r-release-linux-x86_64, r-release-macos-arm64, r-release-macos-x86_64, r-release-windows-x86_64, r-oldrel-macos-arm64, r-oldrel-macos-x86_64, r-oldrel-windows-ix86+x86_64