CRAN Package Check Results for Package caret

Last updated on 2020-08-14 10:03:30 CEST.

Flavor Version Tinstall Tcheck Ttotal Status Flags
r-devel-linux-x86_64-debian-clang 6.0-86 36.76 587.97 624.73 OK
r-devel-linux-x86_64-debian-gcc 6.0-86 31.11 454.72 485.83 OK
r-devel-linux-x86_64-fedora-clang 6.0-86 726.36 NOTE
r-devel-linux-x86_64-fedora-gcc 6.0-86 725.83 OK
r-devel-windows-ix86+x86_64 6.0-86 85.00 1123.00 1208.00 NOTE --no-vignettes
r-patched-linux-x86_64 6.0-86 40.85 564.78 605.63 OK
r-patched-solaris-x86 6.0-86 1020.10 NOTE
r-release-linux-x86_64 6.0-86 32.72 574.28 607.00 OK
r-release-macos-x86_64 6.0-86 NOTE
r-release-windows-ix86+x86_64 6.0-86 77.00 810.00 887.00 NOTE --no-vignettes
r-oldrel-macos-x86_64 6.0-86 NOTE
r-oldrel-windows-ix86+x86_64 6.0-86 48.00 1061.00 1109.00 NOTE --no-vignettes

Check Details

Version: 6.0-86
Check: installed package size
Result: NOTE
     installed size is 6.6Mb
     sub-directories of 1Mb or more:
     R 1.1Mb
     data 1.5Mb
     models 2.4Mb
Flavors: r-devel-linux-x86_64-fedora-clang, r-patched-solaris-x86, r-release-macos-x86_64, r-oldrel-macos-x86_64

Version: 6.0-86
Flags: --no-vignettes
Check: installed package size
Result: NOTE
     installed size is 6.6Mb
     sub-directories of 1Mb or more:
     R 1.1Mb
     data 1.5Mb
     models 2.4Mb
Flavors: r-devel-windows-ix86+x86_64, r-release-windows-ix86+x86_64, r-oldrel-windows-ix86+x86_64