CRAN Package Check Results for Package carData

Last updated on 2022-06-30 09:52:36 CEST.

Flavor Version Tinstall Tcheck Ttotal Status Flags
r-devel-linux-x86_64-debian-clang 3.0-5 3.96 23.00 26.96 NOTE
r-devel-linux-x86_64-debian-gcc 3.0-5 3.14 18.39 21.53 NOTE
r-devel-linux-x86_64-fedora-clang 3.0-5 43.14 NOTE
r-devel-linux-x86_64-fedora-gcc 3.0-5 42.90 NOTE
r-devel-windows-x86_64 3.0-5 76.00 53.00 129.00 NOTE
r-patched-linux-x86_64 3.0-5 5.92 21.41 27.33 OK
r-release-linux-x86_64 3.0-5 3.92 21.27 25.19 OK
r-release-macos-arm64 3.0-5 16.00 OK
r-release-macos-x86_64 3.0-5 21.00 OK
r-release-windows-x86_64 3.0-5 50.00 51.00 101.00 OK
r-oldrel-macos-arm64 3.0-5 26.00 OK
r-oldrel-macos-x86_64 3.0-5 22.00 OK
r-oldrel-windows-ix86+x86_64 3.0-5 22.00 42.00 64.00 OK

Check Details

Version: 3.0-5
Check: Rd files
Result: NOTE
    checkRd: (-1) States.Rd:48: Escaped LaTeX specials: \$
Flavors: r-devel-linux-x86_64-debian-clang, r-devel-linux-x86_64-debian-gcc, r-devel-linux-x86_64-fedora-clang, r-devel-linux-x86_64-fedora-gcc, r-devel-windows-x86_64