CRAN Package Check Results for Package canprot

Last updated on 2020-08-10 10:02:56 CEST.

Flavor Version Tinstall Tcheck Ttotal Status Flags
r-devel-linux-x86_64-debian-clang 1.0.0 10.17 57.78 67.95 OK
r-devel-linux-x86_64-debian-gcc 1.0.0 8.44 45.41 53.85 OK
r-devel-linux-x86_64-fedora-clang 1.0.0 86.19 NOTE
r-devel-linux-x86_64-fedora-gcc 1.0.0 77.32 NOTE
r-devel-windows-ix86+x86_64 1.0.0 30.00 93.00 123.00 OK
r-patched-linux-x86_64 1.0.0 7.67 57.25 64.92 OK
r-patched-solaris-x86 1.0.0 105.30 NOTE
r-release-linux-x86_64 1.0.0 10.23 57.23 67.46 OK
r-release-macos-x86_64 1.0.0 NOTE
r-release-windows-ix86+x86_64 1.0.0 32.00 89.00 121.00 OK
r-oldrel-macos-x86_64 1.0.0 NOTE
r-oldrel-windows-ix86+x86_64 1.0.0 14.00 67.00 81.00 OK

Check Details

Version: 1.0.0
Check: dependencies in R code
Result: NOTE
    Namespace in Imports field not imported from: ‘knitr’
     All declared Imports should be used.
Flavors: r-devel-linux-x86_64-fedora-clang, r-devel-linux-x86_64-fedora-gcc, r-patched-solaris-x86, r-release-macos-x86_64, r-oldrel-macos-x86_64