CRAN Package Check Results for Package ca

Last updated on 2020-09-27 09:47:18 CEST.

Flavor Version Tinstall Tcheck Ttotal Status Flags
r-devel-linux-x86_64-debian-clang 0.71.1 8.81 41.75 50.56 OK
r-devel-linux-x86_64-debian-gcc 0.71.1 6.04 32.16 38.20 OK
r-devel-linux-x86_64-fedora-clang 0.71.1 66.47 OK
r-devel-linux-x86_64-fedora-gcc 0.71.1 62.95 OK
r-devel-windows-ix86+x86_64 0.71.1 12.00 61.00 73.00 OK
r-patched-linux-x86_64 0.71.1 8.56 39.82 48.38 OK
r-patched-solaris-x86 0.71.1 72.80 OK
r-release-linux-x86_64 0.71.1 8.62 39.50 48.12 OK
r-release-macos-x86_64 0.71.1 OK
r-release-windows-ix86+x86_64 0.71.1 10.00 56.00 66.00 OK
r-oldrel-macos-x86_64 0.71.1 NOTE
r-oldrel-windows-ix86+x86_64 0.71.1 10.00 55.00 65.00 OK

Check Details

Version: 0.71.1
Check: dependencies in R code
Result: NOTE
    No protocol specified
Flavor: r-oldrel-macos-x86_64