CRAN Package Check Results for Package briskaR

Last updated on 2020-08-06 09:48:51 CEST.

Flavor Version Tinstall Tcheck Ttotal Status Flags
r-devel-linux-x86_64-debian-clang 0.1.2 15.63 148.86 164.49 OK
r-devel-linux-x86_64-debian-gcc 0.1.2 13.27 112.50 125.77 OK
r-devel-linux-x86_64-fedora-clang 0.1.2 204.54 OK
r-devel-linux-x86_64-fedora-gcc 0.1.2 202.11 OK
r-devel-windows-ix86+x86_64 0.1.2 43.00 156.00 199.00 OK
r-patched-linux-x86_64 0.1.2 16.87 145.59 162.46 OK
r-patched-solaris-x86 0.1.2 293.10 ERROR
r-release-linux-x86_64 0.1.2 16.92 145.87 162.79 OK
r-release-macos-x86_64 0.1.2 OK
r-release-windows-ix86+x86_64 0.1.2 38.00 164.00 202.00 OK
r-oldrel-macos-x86_64 0.1.2 OK
r-oldrel-windows-ix86+x86_64 0.1.2 18.00 136.00 154.00 OK

Check Details

Version: 0.1.2
Check: examples
Result: ERROR
    Running examples in ‘briskaR-Ex.R’ failed
    The error most likely occurred in:
    
    > ### Name: loadLandscape
    > ### Title: Wrapper function : loadLandscape
    > ### Aliases: loadLandscape
    >
    > ### ** Examples
    >
    > data(maize_65)
    > l<-loadLandscape(maize.landscape@thelandscape,maize.landscape@thelandscape@data)
    Warning in wkt(obj) : CRS object has no comment
    Warning in wkt(CRS(tg)) : CRS object has no comment
    Error in project(t(bbox(obj))[, 1:2], tg, inv = TRUE, use_aoi = FALSE) :
     is.character(proj) is not TRUE
    Calls: loadLandscape ... spTransform -> spTransform -> get_aoi -> project -> stopifnot
    Execution halted
Flavor: r-patched-solaris-x86