CRAN Package Check Results for Package brew

Last updated on 2022-08-10 10:52:04 CEST.

Flavor Version Tinstall Tcheck Ttotal Status Flags
r-devel-linux-x86_64-debian-clang 1.0-7 2.36 28.10 30.46 NOTE
r-devel-linux-x86_64-debian-gcc 1.0-7 1.86 21.80 23.66 NOTE
r-devel-linux-x86_64-fedora-clang 1.0-7 47.71 NOTE
r-devel-linux-x86_64-fedora-gcc 1.0-7 163.08 NOTE
r-devel-windows-x86_64 1.0-7 9.00 55.00 64.00 NOTE
r-patched-linux-x86_64 1.0-7 1.64 27.48 29.12 OK
r-release-linux-x86_64 1.0-7 OK
r-release-macos-arm64 1.0-7 46.00 OK
r-release-macos-x86_64 1.0-7 112.00 OK
r-release-windows-x86_64 1.0-7 13.00 57.00 70.00 OK
r-oldrel-macos-arm64 1.0-7 65.00 OK
r-oldrel-macos-x86_64 1.0-7 124.00 OK
r-oldrel-windows-ix86+x86_64 1.0-7 5.00 48.00 53.00 OK

Check Details

Version: 1.0-7
Check: Rd files
Result: NOTE
    checkRd: (-1) brew.Rd:41: Escaped LaTeX specials: \#
Flavors: r-devel-linux-x86_64-debian-clang, r-devel-linux-x86_64-debian-gcc, r-devel-linux-x86_64-fedora-clang, r-devel-linux-x86_64-fedora-gcc, r-devel-windows-x86_64