CRAN Package Check Results for Package brew

Last updated on 2020-07-02 09:48:34 CEST.

Flavor Version Tinstall Tcheck Ttotal Status Flags
r-devel-linux-x86_64-debian-clang 1.0-6 2.02 18.48 20.50 NOTE
r-devel-linux-x86_64-debian-gcc 1.0-6 1.54 14.55 16.09 NOTE
r-devel-linux-x86_64-fedora-clang 1.0-6 33.41 NOTE
r-devel-linux-x86_64-fedora-gcc 1.0-6 24.41 NOTE
r-devel-windows-ix86+x86_64 1.0-6 9.00 53.00 62.00 OK
r-patched-linux-x86_64 1.0-6 2.08 18.47 20.55 NOTE
r-patched-solaris-x86 1.0-6 39.00 NOTE
r-release-linux-x86_64 1.0-6 2.11 18.52 20.63 NOTE
r-release-osx-x86_64 1.0-6 OK
r-release-windows-ix86+x86_64 1.0-6 5.00 26.00 31.00 OK
r-oldrel-osx-x86_64 1.0-6 OK
r-oldrel-windows-ix86+x86_64 1.0-6 4.00 50.00 54.00 OK

Check Details

Version: 1.0-6
Check: for non-standard things in the check directory
Result: NOTE
    Found the following files/directories:
     'brew-test-1-1.eps' 'brew-test-1-2.eps' 'brew-test-1.tex'
     'brew-test-2.html'
Flavors: r-devel-linux-x86_64-debian-clang, r-devel-linux-x86_64-debian-gcc, r-devel-linux-x86_64-fedora-clang, r-devel-linux-x86_64-fedora-gcc, r-patched-linux-x86_64, r-patched-solaris-x86, r-release-linux-x86_64